CRAN Package Check Results for Package optimLanduse

Last updated on 2021-10-17 20:49:11 CEST.

Flavor Version Tinstall Tcheck Ttotal Status Flags
r-devel-linux-x86_64-debian-clang 0.0.4 4.47 44.69 49.16 NOTE
r-devel-linux-x86_64-debian-gcc 0.0.4 3.56 33.47 37.03 NOTE
r-devel-linux-x86_64-fedora-clang 0.0.4 68.80 NOTE
r-devel-linux-x86_64-fedora-gcc 0.0.4 55.85 NOTE
r-devel-windows-x86_64 0.0.4 8.00 67.00 75.00 NOTE
r-devel-windows-x86_64-gcc10-UCRT 0.0.4 NOTE
r-patched-linux-x86_64 0.0.4 4.42 41.62 46.04 NOTE
r-patched-solaris-x86 0.0.4 80.60 NOTE
r-release-linux-x86_64 0.0.4 4.59 41.34 45.93 NOTE
r-release-macos-arm64 0.0.4 NOTE
r-release-macos-x86_64 0.0.4 NOTE
r-release-windows-ix86+x86_64 0.0.4 21.00 64.00 85.00 NOTE
r-oldrel-macos-x86_64 0.0.4 OK
r-oldrel-windows-ix86+x86_64 0.0.4 12.00 61.00 73.00 OK

Check Details

Version: 0.0.4
Check: LazyData
Result: NOTE
     'LazyData' is specified without a 'data' directory
Flavors: r-devel-linux-x86_64-debian-clang, r-devel-linux-x86_64-debian-gcc, r-devel-linux-x86_64-fedora-clang, r-devel-linux-x86_64-fedora-gcc, r-devel-windows-x86_64, r-devel-windows-x86_64-gcc10-UCRT, r-patched-linux-x86_64, r-patched-solaris-x86, r-release-linux-x86_64, r-release-macos-arm64, r-release-macos-x86_64, r-release-windows-ix86+x86_64