CRAN Package Check Results for Package optinterv

Last updated on 2023-06-08 08:55:28 CEST.

Flavor Version Tinstall Tcheck Ttotal Status Flags
r-devel-linux-x86_64-debian-clang 0.1.0 2.58 47.17 49.75 NOTE
r-devel-linux-x86_64-debian-gcc 0.1.0 2.99 35.84 38.83 NOTE
r-devel-linux-x86_64-fedora-clang 0.1.0 67.83 NOTE
r-devel-linux-x86_64-fedora-gcc 0.1.0 75.23 NOTE
r-devel-windows-x86_64 0.1.0 6.00 60.00 66.00 NOTE
r-patched-linux-x86_64 0.1.0 3.79 44.78 48.57 NOTE
r-release-linux-x86_64 0.1.0 3.56 44.92 48.48 NOTE
r-release-macos-arm64 0.1.0 33.00 NOTE
r-release-macos-x86_64 0.1.0 42.00 NOTE
r-release-windows-x86_64 0.1.0 7.00 65.00 72.00 NOTE
r-oldrel-macos-arm64 0.1.0 27.00 NOTE
r-oldrel-macos-x86_64 0.1.0 40.00 NOTE
r-oldrel-windows-x86_64 0.1.0 7.00 62.00 69.00 NOTE

Check Details

Version: 0.1.0
Check: LazyData
Result: NOTE
     'LazyData' is specified without a 'data' directory
Flavors: r-devel-linux-x86_64-debian-clang, r-devel-linux-x86_64-debian-gcc, r-devel-linux-x86_64-fedora-clang, r-devel-linux-x86_64-fedora-gcc, r-devel-windows-x86_64, r-patched-linux-x86_64, r-release-linux-x86_64, r-release-macos-arm64, r-release-macos-x86_64, r-release-windows-x86_64, r-oldrel-macos-arm64, r-oldrel-macos-x86_64, r-oldrel-windows-x86_64