Last updated on 2023-06-04 08:57:16 CEST.
Flavor | Version | Tinstall | Tcheck | Ttotal | Status | Flags |
---|---|---|---|---|---|---|
r-devel-linux-x86_64-debian-clang | 1.0.0 | 11.30 | 89.39 | 100.69 | NOTE | |
r-devel-linux-x86_64-debian-gcc | 1.0.0 | 8.23 | 68.30 | 76.53 | NOTE | |
r-devel-linux-x86_64-fedora-clang | 1.0.0 | 127.09 | NOTE | |||
r-devel-linux-x86_64-fedora-gcc | 1.0.0 | 120.78 | NOTE | |||
r-devel-windows-x86_64 | 1.0.0 | 11.00 | 76.00 | 87.00 | OK | |
r-patched-linux-x86_64 | 1.0.0 | 13.21 | 85.15 | 98.36 | NOTE | |
r-release-linux-x86_64 | 1.0.0 | 12.70 | 83.62 | 96.32 | NOTE | |
r-release-macos-arm64 | 1.0.0 | 44.00 | OK | |||
r-release-macos-x86_64 | 1.0.0 | 67.00 | OK | |||
r-release-windows-x86_64 | 1.0.0 | 13.00 | 91.00 | 104.00 | OK | |
r-oldrel-macos-arm64 | 1.0.0 | 40.00 | OK | |||
r-oldrel-macos-x86_64 | 1.0.0 | 64.00 | OK | |||
r-oldrel-windows-x86_64 | 1.0.0 | 12.00 | 95.00 | 107.00 | OK |
Version: 1.0.0
Check: for non-standard things in the check directory
Result: NOTE
Found the following files/directories:
‘Graph_layout_Doptrcd_trtE’
Flavors: r-devel-linux-x86_64-debian-clang, r-devel-linux-x86_64-debian-gcc, r-devel-linux-x86_64-fedora-clang, r-devel-linux-x86_64-fedora-gcc, r-patched-linux-x86_64, r-release-linux-x86_64