Last updated on 2024-03-27 23:59:51 CET.
Flavor | Version | Tinstall | Tcheck | Ttotal | Status | Flags |
---|---|---|---|---|---|---|
r-devel-linux-x86_64-debian-clang | 0.2.5 | 13.74 | 106.41 | 120.15 | NOTE | |
r-devel-linux-x86_64-debian-gcc | 0.2.5 | 11.11 | 79.18 | 90.29 | NOTE | |
r-devel-linux-x86_64-fedora-clang | 0.2.5 | 145.03 | NOTE | |||
r-devel-linux-x86_64-fedora-gcc | 0.2.5 | 142.36 | NOTE | |||
r-devel-windows-x86_64 | 0.2.5 | 12.00 | 87.00 | 99.00 | NOTE | |
r-patched-linux-x86_64 | 0.2.5 | 12.95 | 104.21 | 117.16 | NOTE | |
r-release-linux-x86_64 | 0.2.5 | 12.44 | 102.52 | 114.96 | NOTE | |
r-release-macos-arm64 | 0.2.5 | 45.00 | NOTE | |||
r-release-macos-x86_64 | 0.2.5 | 74.00 | NOTE | |||
r-release-windows-x86_64 | 0.2.5 | 16.00 | 105.00 | 121.00 | NOTE | |
r-oldrel-macos-arm64 | 0.2.5 | 38.00 | NOTE | |||
r-oldrel-windows-x86_64 | 0.2.5 | 17.00 | 107.00 | 124.00 | NOTE |
Version: 0.2.5
Check: package subdirectories
Result: NOTE
Problems with news in ‘NEWS.md’:
No news entries found.
Flavors: r-devel-linux-x86_64-debian-clang, r-devel-linux-x86_64-debian-gcc, r-devel-linux-x86_64-fedora-clang, r-devel-linux-x86_64-fedora-gcc, r-devel-windows-x86_64, r-patched-linux-x86_64, r-release-linux-x86_64, r-release-macos-arm64, r-release-macos-x86_64, r-release-windows-x86_64
Version: 0.2.5
Check: LazyData
Result: NOTE
'LazyData' is specified without a 'data' directory
Flavors: r-devel-linux-x86_64-debian-clang, r-devel-linux-x86_64-debian-gcc, r-devel-linux-x86_64-fedora-clang, r-devel-linux-x86_64-fedora-gcc, r-devel-windows-x86_64, r-patched-linux-x86_64, r-release-linux-x86_64, r-release-macos-arm64, r-release-macos-x86_64, r-release-windows-x86_64, r-oldrel-macos-arm64, r-oldrel-windows-x86_64