CRAN Package Check Results for Package orca

Last updated on 2022-12-02 00:52:24 CET.

Flavor Version Tinstall Tcheck Ttotal Status Flags
r-devel-linux-x86_64-debian-clang 1.1-1 10.91 26.41 37.32 OK
r-devel-linux-x86_64-debian-gcc 1.1-1 8.48 20.72 29.20 OK
r-devel-linux-x86_64-fedora-clang 1.1-1 57.66 NOTE
r-devel-linux-x86_64-fedora-gcc 1.1-1 55.95 NOTE
r-devel-windows-x86_64 1.1-1 17.00 62.00 79.00 OK
r-patched-linux-x86_64 1.1-1 9.50 25.75 35.25 OK
r-release-linux-x86_64 1.1-1 8.44 25.52 33.96 OK
r-release-macos-arm64 1.1-1 20.00 NOTE
r-release-macos-x86_64 1.1-1 26.00 OK
r-release-windows-x86_64 1.1-1 17.00 55.00 72.00 OK
r-oldrel-macos-arm64 1.1-1 25.00 OK
r-oldrel-macos-x86_64 1.1-1 34.00 OK
r-oldrel-windows-ix86+x86_64 1.1-1 23.00 42.00 65.00 OK

Check Details

Version: 1.1-1
Check: compiled code
Result: NOTE
    File ‘orca/libs/orca.so’:
     Found no calls to: ‘R_registerRoutines’, ‘R_useDynamicSymbols’
    
    It is good practice to register native routines and to disable symbol
    search.
    
    See ‘Writing portable packages’ in the ‘Writing R Extensions’ manual.
Flavors: r-devel-linux-x86_64-fedora-clang, r-devel-linux-x86_64-fedora-gcc

Version: 1.1-1
Check: package dependencies
Result: NOTE
    Package which this enhances but not available for checking: ‘graph’
Flavor: r-release-macos-arm64