Last updated on 2023-05-22 17:01:28 CEST.
Flavor | Version | Tinstall | Tcheck | Ttotal | Status | Flags |
---|---|---|---|---|---|---|
r-devel-linux-x86_64-debian-clang | 0.1.1 | 39.34 | 360.40 | 399.74 | OK | |
r-devel-linux-x86_64-debian-gcc | 0.1.1 | 30.09 | 270.28 | 300.37 | OK | |
r-devel-linux-x86_64-fedora-clang | 0.1.1 | 2.27 | ERROR | |||
r-devel-linux-x86_64-fedora-gcc | 0.1.1 | 502.25 | NOTE | |||
r-devel-windows-x86_64 | 0.1.1 | 35.00 | 425.00 | 460.00 | OK | |
r-patched-linux-x86_64 | 0.1.1 | 29.67 | 340.48 | 370.15 | OK | |
r-release-linux-x86_64 | 0.1.1 | 27.96 | 336.63 | 364.59 | OK | |
r-release-macos-arm64 | 0.1.1 | 243.00 | OK | |||
r-release-macos-x86_64 | 0.1.1 | 349.00 | OK | |||
r-release-windows-x86_64 | 0.1.1 | 44.00 | 540.00 | 584.00 | OK | |
r-oldrel-macos-arm64 | 0.1.1 | 255.00 | NOTE | |||
r-oldrel-macos-x86_64 | 0.1.1 | 307.00 | NOTE | |||
r-oldrel-windows-x86_64 | 0.1.1 | 55.00 | 596.00 | 651.00 | OK |
Version: 0.1.1
Check: package dependencies
Result: ERROR
Package required but not available: ‘dclone’
See section ‘The DESCRIPTION file’ in the ‘Writing R Extensions’
manual.
Flavor: r-devel-linux-x86_64-fedora-clang
Version: 0.1.1
Check: dependencies in R code
Result: NOTE
Namespace in Imports field not imported from: ‘devtools’
All declared Imports should be used.
Flavors: r-devel-linux-x86_64-fedora-gcc, r-oldrel-macos-arm64, r-oldrel-macos-x86_64