Last updated on 2023-06-05 16:55:02 CEST.
Flavor | Version | Tinstall | Tcheck | Ttotal | Status | Flags |
---|---|---|---|---|---|---|
r-devel-linux-x86_64-debian-clang | 0.1.1 | 11.30 | 133.32 | 144.62 | OK | |
r-devel-linux-x86_64-debian-gcc | 0.1.1 | 10.95 | 100.76 | 111.71 | OK | |
r-devel-linux-x86_64-fedora-clang | 0.1.1 | 180.04 | NOTE | |||
r-devel-linux-x86_64-fedora-gcc | 0.1.1 | 182.52 | NOTE | |||
r-devel-windows-x86_64 | 0.1.1 | 14.00 | 123.00 | 137.00 | OK | |
r-patched-linux-x86_64 | 0.1.1 | 17.75 | 127.15 | 144.90 | OK | |
r-release-linux-x86_64 | 0.1.1 | 8.46 | 124.80 | 133.26 | OK | |
r-release-macos-arm64 | 0.1.1 | 58.00 | OK | |||
r-release-macos-x86_64 | 0.1.1 | 84.00 | OK | |||
r-release-windows-x86_64 | 0.1.1 | 17.00 | 151.00 | 168.00 | OK | |
r-oldrel-macos-arm64 | 0.1.1 | 53.00 | NOTE | |||
r-oldrel-macos-x86_64 | 0.1.1 | 72.00 | NOTE | |||
r-oldrel-windows-x86_64 | 0.1.1 | 17.00 | 139.00 | 156.00 | OK |
Version: 0.1.1
Check: Rd cross-references
Result: NOTE
Undeclared package ‘pillar’ in Rd xrefs
Flavor: r-devel-linux-x86_64-fedora-clang
Version: 0.1.1
Check: data for non-ASCII characters
Result: NOTE
Note: found 4 marked UTF-8 strings
Flavors: r-devel-linux-x86_64-fedora-clang, r-devel-linux-x86_64-fedora-gcc, r-oldrel-macos-arm64, r-oldrel-macos-x86_64