Last updated on 2024-03-28 15:49:55 CET.
Flavor | Version | Tinstall | Tcheck | Ttotal | Status | Flags |
---|---|---|---|---|---|---|
r-devel-linux-x86_64-debian-clang | 1.1.3 | 59.94 | 213.84 | 273.78 | NOTE | |
r-devel-linux-x86_64-debian-gcc | 1.1.3 | 47.50 | 167.21 | 214.71 | NOTE | |
r-devel-linux-x86_64-fedora-clang | 1.1.3 | 372.29 | NOTE | |||
r-devel-linux-x86_64-fedora-gcc | 1.1.3 | 385.14 | NOTE | |||
r-devel-windows-x86_64 | 1.1.3 | 45.00 | 189.00 | 234.00 | NOTE | |
r-patched-linux-x86_64 | 1.1.3 | 59.71 | 205.26 | 264.97 | NOTE | |
r-release-linux-x86_64 | 1.1.3 | 39.90 | 209.78 | 249.68 | NOTE | |
r-release-macos-arm64 | 1.1.3 | 124.00 | NOTE | |||
r-release-macos-x86_64 | 1.1.3 | 243.00 | NOTE | |||
r-release-windows-x86_64 | 1.1.3 | 60.00 | 225.00 | 285.00 | NOTE | |
r-oldrel-macos-arm64 | 1.1.3 | 143.00 | OK | |||
r-oldrel-windows-x86_64 | 1.1.3 | 58.00 | 227.00 | 285.00 | OK |
Version: 1.1.3
Check: C++ specification
Result: NOTE
Specified C++11: please drop specification unless essential
Flavors: r-devel-linux-x86_64-debian-clang, r-devel-linux-x86_64-debian-gcc, r-devel-linux-x86_64-fedora-clang, r-devel-linux-x86_64-fedora-gcc, r-devel-windows-x86_64, r-patched-linux-x86_64, r-release-linux-x86_64, r-release-macos-arm64, r-release-macos-x86_64, r-release-windows-x86_64