Last updated on 2024-04-23 08:58:10 CEST.
Flavor | Version | Tinstall | Tcheck | Ttotal | Status | Flags |
---|---|---|---|---|---|---|
r-devel-linux-x86_64-debian-clang | 1.0.1.1 | 3.99 | 36.25 | 40.24 | NOTE | |
r-devel-linux-x86_64-debian-gcc | 1.0.1.1 | 3.00 | 27.67 | 30.67 | NOTE | |
r-devel-linux-x86_64-fedora-clang | 1.0.1.1 | 50.89 | NOTE | |||
r-devel-linux-x86_64-fedora-gcc | 1.0.1.1 | 49.95 | NOTE | |||
r-prerel-macos-arm64 | 1.0.1.1 | 20.00 | NOTE | |||
r-prerel-windows-x86_64 | 1.0.1.1 | 5.00 | 48.00 | 53.00 | NOTE | |
r-patched-linux-x86_64 | 1.0.1.1 | 3.48 | 35.21 | 38.69 | NOTE | |
r-release-linux-x86_64 | 1.0.1.1 | 3.65 | 34.69 | 38.34 | NOTE | |
r-release-macos-arm64 | 1.0.1.1 | 21.00 | NOTE | |||
r-release-macos-x86_64 | 1.0.1.1 | 30.00 | NOTE | |||
r-release-windows-x86_64 | 1.0.1.1 | 7.00 | 49.00 | 56.00 | NOTE | |
r-oldrel-macos-arm64 | 1.0.1.1 | 19.00 | NOTE | |||
r-oldrel-windows-x86_64 | 1.0.1.1 | 6.00 | 54.00 | 60.00 | NOTE |
Version: 1.0.1.1
Check: LazyData
Result: NOTE
'LazyData' is specified without a 'data' directory
Flavors: r-devel-linux-x86_64-debian-clang, r-devel-linux-x86_64-debian-gcc, r-devel-linux-x86_64-fedora-clang, r-devel-linux-x86_64-fedora-gcc, r-prerel-macos-arm64, r-prerel-windows-x86_64, r-patched-linux-x86_64, r-release-linux-x86_64, r-release-macos-arm64, r-release-macos-x86_64, r-release-windows-x86_64, r-oldrel-macos-arm64, r-oldrel-windows-x86_64