Last updated on 2024-03-27 23:59:51 CET.
Flavor | Version | Tinstall | Tcheck | Ttotal | Status | Flags |
---|---|---|---|---|---|---|
r-devel-linux-x86_64-debian-clang | 0.4.5 | 10.43 | 74.71 | 85.14 | OK | |
r-devel-linux-x86_64-debian-gcc | 0.4.5 | 8.51 | 57.32 | 65.83 | OK | |
r-devel-linux-x86_64-fedora-clang | 0.4.5 | 110.34 | OK | |||
r-devel-linux-x86_64-fedora-gcc | 0.4.5 | 118.76 | OK | |||
r-devel-windows-x86_64 | 0.4.5 | 10.00 | 73.00 | 83.00 | OK | |
r-patched-linux-x86_64 | 0.4.5 | 9.24 | 73.41 | 82.65 | OK | |
r-release-linux-x86_64 | 0.4.5 | 9.44 | 73.53 | 82.97 | OK | |
r-release-macos-arm64 | 0.4.5 | 42.00 | NOTE | |||
r-release-macos-x86_64 | 0.4.5 | 72.00 | OK | |||
r-release-windows-x86_64 | 0.4.5 | 14.00 | 82.00 | 96.00 | OK | |
r-oldrel-macos-arm64 | 0.4.5 | 36.00 | NOTE | |||
r-oldrel-windows-x86_64 | 0.4.5 | 14.00 | 91.00 | 105.00 | OK |
Version: 0.4.5
Check: installed package size
Result: NOTE
installed size is 5.1Mb
sub-directories of 1Mb or more:
data 4.0Mb
Flavors: r-release-macos-arm64, r-oldrel-macos-arm64