Last updated on 2023-06-08 08:55:29 CEST.
Flavor | Version | Tinstall | Tcheck | Ttotal | Status | Flags |
---|---|---|---|---|---|---|
r-devel-linux-x86_64-debian-clang | 1.1.1 | 103.80 | 46.59 | 150.39 | OK | |
r-devel-linux-x86_64-debian-gcc | 1.1.1 | 76.80 | 35.78 | 112.58 | OK | |
r-devel-linux-x86_64-fedora-clang | 1.1.1 | 235.56 | OK | |||
r-devel-linux-x86_64-fedora-gcc | 1.1.1 | 228.68 | OK | |||
r-devel-windows-x86_64 | 1.1.1 | 76.00 | 79.00 | 155.00 | NOTE | |
r-patched-linux-x86_64 | 1.1.1 | 88.52 | 44.69 | 133.21 | OK | |
r-release-linux-x86_64 | 1.1.1 | 82.55 | 45.56 | 128.11 | OK | |
r-release-macos-arm64 | 1.1.1 | 57.00 | OK | |||
r-release-macos-x86_64 | 1.1.1 | 98.00 | OK | |||
r-release-windows-x86_64 | 1.1.1 | 100.00 | 87.00 | 187.00 | NOTE | |
r-oldrel-macos-arm64 | 1.1.1 | 51.00 | OK | |||
r-oldrel-macos-x86_64 | 1.1.1 | 65.00 | OK | |||
r-oldrel-windows-x86_64 | 1.1.1 | 100.00 | 84.00 | 184.00 | OK |
Version: 1.1.1
Check: C++ specification
Result: NOTE
Specified C++11: please drop specification unless essential
Flavors: r-devel-windows-x86_64, r-release-windows-x86_64