CRAN Package Check Results for Package pCalibrate

Last updated on 2024-05-21 00:57:19 CEST.

Flavor Version Tinstall Tcheck Ttotal Status Flags
r-devel-linux-x86_64-debian-clang 0.2-1 9.76 91.61 101.37 NOTE
r-devel-linux-x86_64-debian-gcc 0.2-1 8.47 68.07 76.54 NOTE
r-devel-linux-x86_64-fedora-clang 0.2-1 124.16 NOTE
r-devel-linux-x86_64-fedora-gcc 0.2-1 116.87 NOTE
r-devel-windows-x86_64 0.2-1 10.00 85.00 95.00 NOTE
r-patched-linux-x86_64 0.2-1 7.65 87.32 94.97 NOTE
r-release-linux-x86_64 0.2-1 6.66 85.57 92.23 NOTE
r-release-macos-arm64 0.2-1 36.00 NOTE
r-release-windows-x86_64 0.2-1 10.00 83.00 93.00 NOTE
r-oldrel-macos-arm64 0.2-1 45.00 OK
r-oldrel-macos-x86_64 0.2-1 69.00 OK
r-oldrel-windows-x86_64 0.2-1 13.00 100.00 113.00 OK

Check Details

Version: 0.2-1
Check: Rd files
Result: NOTE checkRd: (-1) twoby2Calibrate.Rd:84: Lost braces in \itemize; meant \describe ? checkRd: (-1) twoby2Calibrate.Rd:85-86: Lost braces in \itemize; meant \describe ? checkRd: (-1) twoby2Calibrate.Rd:87-92: Lost braces in \itemize; meant \describe ? checkRd: (-1) twoby2Calibrate.Rd:97-100: Lost braces in \itemize; meant \describe ? checkRd: (-1) twoby2Calibrate.Rd:101-103: Lost braces in \itemize; meant \describe ? checkRd: (-1) twoby2Calibrate.Rd:104-107: Lost braces in \itemize; meant \describe ? checkRd: (-1) twoby2Calibrate.Rd:108-110: Lost braces in \itemize; meant \describe ? checkRd: (-1) twoby2Calibrate.Rd:111-116: Lost braces in \itemize; meant \describe ? Flavors: r-devel-linux-x86_64-debian-clang, r-devel-linux-x86_64-debian-gcc, r-devel-linux-x86_64-fedora-clang, r-devel-linux-x86_64-fedora-gcc, r-devel-windows-x86_64, r-patched-linux-x86_64, r-release-linux-x86_64, r-release-macos-arm64, r-release-windows-x86_64