Last updated on 2024-03-28 15:49:55 CET.
Flavor | Version | Tinstall | Tcheck | Ttotal | Status | Flags |
---|---|---|---|---|---|---|
r-devel-linux-x86_64-debian-clang | 1.15.2 | 6.43 | 238.20 | 244.63 | NOTE | |
r-devel-linux-x86_64-debian-gcc | 1.15.2 | 4.87 | 184.27 | 189.14 | NOTE | |
r-devel-linux-x86_64-fedora-clang | 1.15.2 | 316.87 | NOTE | |||
r-devel-linux-x86_64-fedora-gcc | 1.15.2 | 326.73 | NOTE | |||
r-devel-windows-x86_64 | 1.15.2 | 9.00 | 343.00 | 352.00 | NOTE | |
r-patched-linux-x86_64 | 1.15.2 | 7.70 | 233.88 | 241.58 | NOTE | |
r-release-linux-x86_64 | 1.15.2 | 4.42 | 221.75 | 226.17 | OK | |
r-release-macos-arm64 | 1.15.2 | 182.00 | OK | |||
r-release-macos-x86_64 | 1.15.2 | 266.00 | OK | |||
r-release-windows-x86_64 | 1.15.2 | 11.00 | 362.00 | 373.00 | OK | |
r-oldrel-macos-arm64 | 1.15.2 | 227.00 | OK | |||
r-oldrel-windows-x86_64 | 1.15.2 | 11.00 | 377.00 | 388.00 | OK |
Version: 1.15.2
Check: Rd files
Result: NOTE
checkRd: (-1) lint_package.Rd:20: Lost braces
20 | code{\link[lintr:lint_package]{lintr::lint_package}} where we hardcode the
| ^
checkRd: (-1) provide_news_rd.Rd:22: Lost braces
22 | Christian Vonderach uses the index thus wants file{inst/NEWS.rd} to
| ^
checkRd: (-1) provide_news_rd.Rd:23: Lost braces
23 | automatically be in sync with file{./NEWS.md}.
| ^
Flavors: r-devel-linux-x86_64-debian-clang, r-devel-linux-x86_64-debian-gcc, r-devel-linux-x86_64-fedora-clang, r-devel-linux-x86_64-fedora-gcc, r-devel-windows-x86_64, r-patched-linux-x86_64