Last updated on 2024-04-23 08:58:10 CEST.
Flavor | Version | Tinstall | Tcheck | Ttotal | Status | Flags |
---|---|---|---|---|---|---|
r-devel-linux-x86_64-debian-clang | 0.1.3 | 6.68 | 49.04 | 55.72 | NOTE | |
r-devel-linux-x86_64-debian-gcc | 0.1.3 | 4.70 | 37.64 | 42.34 | NOTE | |
r-devel-linux-x86_64-fedora-clang | 0.1.3 | 69.43 | NOTE | |||
r-devel-linux-x86_64-fedora-gcc | 0.1.3 | 65.66 | NOTE | |||
r-prerel-macos-arm64 | 0.1.3 | 26.00 | NOTE | |||
r-prerel-windows-x86_64 | 0.1.3 | 9.00 | 64.00 | 73.00 | NOTE | |
r-patched-linux-x86_64 | 0.1.3 | 7.32 | 45.77 | 53.09 | NOTE | |
r-release-linux-x86_64 | 0.1.3 | 6.81 | 48.58 | 55.39 | NOTE | |
r-release-macos-arm64 | 0.1.3 | 24.00 | NOTE | |||
r-release-macos-x86_64 | 0.1.3 | 41.00 | NOTE | |||
r-release-windows-x86_64 | 0.1.3 | 10.00 | 70.00 | 80.00 | NOTE | |
r-oldrel-macos-arm64 | 0.1.3 | 24.00 | OK | |||
r-oldrel-windows-x86_64 | 0.1.3 | 10.00 | 65.00 | 75.00 | OK |
Version: 0.1.3
Check: package subdirectories
Result: NOTE
Problems with news in ‘NEWS.md’:
Cannot extract version info from the following section titles:
Changes
Flavors: r-devel-linux-x86_64-debian-clang, r-devel-linux-x86_64-debian-gcc, r-devel-linux-x86_64-fedora-clang, r-devel-linux-x86_64-fedora-gcc, r-prerel-macos-arm64, r-prerel-windows-x86_64, r-patched-linux-x86_64, r-release-linux-x86_64, r-release-macos-arm64, r-release-macos-x86_64, r-release-windows-x86_64