Last updated on 2024-03-28 23:55:14 CET.
Flavor | Version | Tinstall | Tcheck | Ttotal | Status | Flags |
---|---|---|---|---|---|---|
r-devel-linux-x86_64-debian-clang | 1.0.12 | 176.81 | 144.81 | 321.62 | OK | |
r-devel-linux-x86_64-debian-gcc | 1.0.12 | 141.57 | 105.73 | 247.30 | OK | |
r-devel-windows-x86_64 | 1.0.12 | 142.00 | 144.00 | 286.00 | OK | |
r-patched-linux-x86_64 | 1.0.12 | 139.29 | 138.91 | 278.20 | OK | |
r-release-linux-x86_64 | 1.0.12 | 126.48 | 140.21 | 266.69 | OK | |
r-release-macos-arm64 | 1.0.12 | 107.00 | NOTE | |||
r-release-macos-x86_64 | 1.0.12 | 153.00 | NOTE | |||
r-release-windows-x86_64 | 1.0.12 | 180.00 | 176.00 | 356.00 | OK | |
r-oldrel-macos-arm64 | 1.0.12 | 94.00 | NOTE | |||
r-oldrel-windows-x86_64 | 1.0.12 | 176.00 | 160.00 | 336.00 | OK |
Version: 1.0.12
Check: package dependencies
Result: NOTE
Package suggested but not available for checking: ‘scde’
Flavor: r-release-macos-arm64
Version: 1.0.12
Check: installed package size
Result: NOTE
installed size is 6.8Mb
sub-directories of 1Mb or more:
libs 5.0Mb
Flavors: r-release-macos-arm64, r-release-macos-x86_64, r-oldrel-macos-arm64
Version: 1.0.12
Check: package dependencies
Result: NOTE
Packages suggested but not available for checking:
'org.Dr.eg.db', 'org.Mm.eg.db', 'scde'
Flavor: r-release-macos-x86_64
Version: 1.0.12
Check: package dependencies
Result: NOTE
Packages suggested but not available for checking: 'org.Dr.eg.db', 'scde'
Flavor: r-oldrel-macos-arm64