Last updated on 2023-12-04 16:53:35 CET.
Flavor | Version | Tinstall | Tcheck | Ttotal | Status | Flags |
---|---|---|---|---|---|---|
r-devel-linux-x86_64-debian-clang | 1.0.11 | 181.15 | 145.65 | 326.80 | OK | |
r-devel-linux-x86_64-debian-gcc | 1.0.11 | 120.62 | 106.54 | 227.16 | OK | |
r-devel-windows-x86_64 | 1.0.11 | 138.00 | 146.00 | 284.00 | OK | |
r-patched-linux-x86_64 | 1.0.11 | 121.83 | 135.96 | 257.79 | OK | |
r-release-linux-x86_64 | 1.0.11 | 112.28 | 135.28 | 247.56 | OK | |
r-release-macos-arm64 | 1.0.11 | 94.00 | NOTE | |||
r-release-macos-x86_64 | 1.0.11 | 164.00 | NOTE | |||
r-release-windows-x86_64 | 1.0.11 | 182.00 | 178.00 | 360.00 | OK | |
r-oldrel-macos-arm64 | 1.0.11 | 91.00 | NOTE | |||
r-oldrel-macos-x86_64 | 1.0.11 | 135.00 | NOTE | |||
r-oldrel-windows-x86_64 | 1.0.11 | 176.00 | 162.00 | 338.00 | OK |
Version: 1.0.11
Check: package dependencies
Result: NOTE
Package suggested but not available for checking: ‘scde’
Flavor: r-release-macos-arm64
Version: 1.0.11
Check: installed package size
Result: NOTE
installed size is 6.8Mb
sub-directories of 1Mb or more:
libs 5.0Mb
Flavors: r-release-macos-arm64, r-release-macos-x86_64, r-oldrel-macos-arm64, r-oldrel-macos-x86_64
Version: 1.0.11
Check: package dependencies
Result: NOTE
Packages suggested but not available for checking:
'org.Dr.eg.db', 'org.Mm.eg.db', 'scde'
Flavor: r-release-macos-x86_64
Version: 1.0.11
Check: package dependencies
Result: NOTE
Packages suggested but not available for checking: 'org.Dr.eg.db', 'scde'
Flavor: r-oldrel-macos-arm64