Last updated on 2024-03-28 23:55:14 CET.
Flavor | Version | Tinstall | Tcheck | Ttotal | Status | Flags |
---|---|---|---|---|---|---|
r-devel-linux-x86_64-debian-clang | 0.3.17 | 38.05 | 383.68 | 421.73 | NOTE | |
r-devel-linux-x86_64-debian-gcc | 0.3.17 | 30.19 | 287.33 | 317.52 | NOTE | |
r-devel-linux-x86_64-fedora-clang | 0.3.17 | 551.63 | NOTE | |||
r-devel-linux-x86_64-fedora-gcc | 0.3.17 | 625.15 | NOTE | |||
r-devel-windows-x86_64 | 0.3.17 | 28.00 | 268.00 | 296.00 | NOTE | |
r-patched-linux-x86_64 | 0.3.17 | 28.08 | 378.68 | 406.76 | NOTE | |
r-release-linux-x86_64 | 0.3.17 | 22.30 | 381.20 | 403.50 | OK | |
r-release-macos-arm64 | 0.3.17 | 195.00 | OK | |||
r-release-macos-x86_64 | 0.3.17 | 276.00 | OK | |||
r-release-windows-x86_64 | 0.3.17 | 39.00 | 352.00 | 391.00 | OK | |
r-oldrel-macos-arm64 | 0.3.17 | 172.00 | OK | |||
r-oldrel-windows-x86_64 | 0.3.17 | 39.00 | 353.00 | 392.00 | OK |
Version: 0.3.17
Check: Rd files
Result: NOTE
checkRd: (-1) pagoo.Rd:107-110: Lost braces in \itemize; meant \describe ?
checkRd: (-1) pagoo.Rd:112-115: Lost braces in \itemize; meant \describe ?
checkRd: (-1) pagoo.Rd:117-119: Lost braces in \itemize; meant \describe ?
checkRd: (-1) pagoo.Rd:121-125: Lost braces in \itemize; meant \describe ?
checkRd: (-1) pagoo.Rd:127-129: Lost braces in \itemize; meant \describe ?
checkRd: (-1) pagoo.Rd:131-133: Lost braces in \itemize; meant \describe ?
checkRd: (-1) pagoo.Rd:135: Lost braces in \itemize; meant \describe ?
checkRd: (-1) pagoo.Rd:137-138: Lost braces in \itemize; meant \describe ?
checkRd: (-1) pagoo.Rd:140-141: Lost braces in \itemize; meant \describe ?
checkRd: (-1) pagoo.Rd:143-146: Lost braces in \itemize; meant \describe ?
checkRd: (-1) pagoo.Rd:148-149: Lost braces in \itemize; meant \describe ?
checkRd: (-1) pagoo.Rd:151-152: Lost braces in \itemize; meant \describe ?
checkRd: (-1) pagoo.Rd:154-157: Lost braces in \itemize; meant \describe ?
checkRd: (-1) pagoo.Rd:159-160: Lost braces in \itemize; meant \describe ?
checkRd: (-1) pagoo.Rd:162-163: Lost braces in \itemize; meant \describe ?
checkRd: (-1) pagoo.Rd:165-167: Lost braces in \itemize; meant \describe ?
checkRd: (-1) pagoo.Rd:169-170: Lost braces in \itemize; meant \describe ?
checkRd: (-1) pagoo.Rd:172-173: Lost braces in \itemize; meant \describe ?
Flavors: r-devel-linux-x86_64-debian-clang, r-devel-linux-x86_64-debian-gcc, r-devel-linux-x86_64-fedora-clang, r-devel-linux-x86_64-fedora-gcc, r-devel-windows-x86_64, r-patched-linux-x86_64