Last updated on 2024-08-13 17:48:21 CEST.
Flavor | Version | Tinstall | Tcheck | Ttotal | Status | Flags |
---|---|---|---|---|---|---|
r-devel-linux-x86_64-debian-clang | 1.0.0 | 20.91 | 185.19 | 206.10 | NOTE | |
r-devel-linux-x86_64-debian-gcc | 1.0.0 | 12.99 | 110.50 | 123.49 | NOTE | |
r-devel-linux-x86_64-fedora-clang | 1.0.0 | 338.67 | OK | |||
r-devel-linux-x86_64-fedora-gcc | 1.0.0 | 303.33 | OK | |||
r-devel-windows-x86_64 | 1.0.0 | 20.00 | 151.00 | 171.00 | NOTE | |
r-patched-linux-x86_64 | 1.0.0 | 22.61 | 175.35 | 197.96 | OK | |
r-release-linux-x86_64 | 1.0.0 | 20.69 | 175.02 | 195.71 | OK | |
r-release-macos-arm64 | 1.0.0 | 62.00 | OK | |||
r-release-macos-x86_64 | 1.0.0 | 99.00 | OK | |||
r-release-windows-x86_64 | 1.0.0 | 19.00 | 151.00 | 170.00 | OK | |
r-oldrel-macos-arm64 | 1.0.0 | 69.00 | OK | |||
r-oldrel-macos-x86_64 | 1.0.0 | 190.00 | OK | |||
r-oldrel-windows-x86_64 | 1.0.0 | 28.00 | 206.00 | 234.00 | OK |
Version: 1.0.0
Check: Rd cross-references
Result: NOTE
Found the following Rd file(s) with Rd \link{} targets missing package
anchors:
pbdb_map.Rd: map
pbdb_map_occur.Rd: map
pbdb_map_richness.Rd: map
Please provide package anchors for all Rd \link{} targets not in the
package itself and the base packages.
Flavors: r-devel-linux-x86_64-debian-clang, r-devel-linux-x86_64-debian-gcc, r-devel-windows-x86_64