CRAN Package Check Results for Package paleomorph

Last updated on 2021-10-27 13:08:07 CEST.

Flavor Version Tinstall Tcheck Ttotal Status Flags
r-devel-linux-x86_64-debian-clang 0.1.4 2.42 39.41 41.83 NOTE
r-devel-linux-x86_64-debian-gcc 0.1.4 2.24 29.33 31.57 NOTE
r-devel-linux-x86_64-fedora-clang 0.1.4 60.20 NOTE
r-devel-linux-x86_64-fedora-gcc 0.1.4 49.51 NOTE
r-devel-windows-x86_64 0.1.4 6.00 56.00 62.00 NOTE
r-devel-windows-x86_64-gcc10-UCRT 0.1.4 NOTE
r-patched-linux-x86_64 0.1.4 2.69 36.99 39.68 NOTE
r-patched-solaris-x86 0.1.4 71.30 NOTE
r-release-linux-x86_64 0.1.4 2.82 37.86 40.68 NOTE
r-release-macos-arm64 0.1.4 NOTE
r-release-macos-x86_64 0.1.4 NOTE
r-release-windows-ix86+x86_64 0.1.4 5.00 66.00 71.00 NOTE
r-oldrel-macos-x86_64 0.1.4 OK
r-oldrel-windows-ix86+x86_64 0.1.4 5.00 59.00 64.00 OK

Check Details

Version: 0.1.4
Check: LazyData
Result: NOTE
     'LazyData' is specified without a 'data' directory
Flavors: r-devel-linux-x86_64-debian-clang, r-devel-linux-x86_64-debian-gcc, r-devel-linux-x86_64-fedora-clang, r-devel-linux-x86_64-fedora-gcc, r-devel-windows-x86_64, r-devel-windows-x86_64-gcc10-UCRT, r-patched-linux-x86_64, r-patched-solaris-x86, r-release-linux-x86_64, r-release-macos-arm64, r-release-macos-x86_64, r-release-windows-ix86+x86_64