CRAN Package Check Results for Package pamctdp

Last updated on 2022-01-20 16:51:27 CET.

Flavor Version Tinstall Tcheck Ttotal Status Flags
r-devel-linux-x86_64-debian-clang 0.3.2 OK
r-devel-linux-x86_64-debian-gcc 0.3.2 6.46 54.94 61.40 OK
r-devel-linux-x86_64-fedora-clang 0.3.2 96.57 NOTE
r-devel-linux-x86_64-fedora-gcc 0.3.2 90.40 NOTE
r-devel-windows-x86_64-new-UL 0.3.2 28.00 89.00 117.00 OK
r-devel-windows-x86_64-new-TK 0.3.2 NOTE
r-patched-linux-x86_64 0.3.2 8.28 69.24 77.52 OK
r-release-linux-x86_64 0.3.2 5.89 69.00 74.89 OK
r-release-macos-arm64 0.3.2 NOTE
r-release-macos-x86_64 0.3.2 NOTE
r-release-windows-ix86+x86_64 0.3.2 18.00 82.00 100.00 OK
r-oldrel-macos-x86_64 0.3.2 NOTE
r-oldrel-windows-ix86+x86_64 0.3.2 19.00 82.00 101.00 OK

Check Details

Version: 0.3.2
Check: data for non-ASCII characters
Result: NOTE
     Note: found 34 marked UTF-8 strings
Flavors: r-devel-linux-x86_64-fedora-clang, r-devel-linux-x86_64-fedora-gcc, r-devel-windows-x86_64-new-TK, r-release-macos-arm64, r-release-macos-x86_64, r-oldrel-macos-x86_64