CRAN Package Check Results for Package pander

Last updated on 2021-09-21 12:53:40 CEST.

Flavor Version Tinstall Tcheck Ttotal Status Flags
r-devel-linux-x86_64-debian-clang 0.6.4 35.31 81.18 116.49 OK
r-devel-linux-x86_64-debian-gcc 0.6.4 24.15 60.80 84.95 OK
r-devel-linux-x86_64-fedora-clang 0.6.4 158.45 OK
r-devel-linux-x86_64-fedora-gcc 0.6.4 138.86 OK
r-devel-windows-x86_64 0.6.4 42.00 96.00 138.00 OK
r-devel-windows-x86_64-gcc10-UCRT 0.6.4 ERROR
r-patched-linux-x86_64 0.6.4 31.52 79.13 110.65 OK
r-patched-solaris-x86 0.6.4 169.00 OK
r-release-linux-x86_64 0.6.4 28.93 79.98 108.91 OK
r-release-macos-arm64 0.6.4 OK
r-release-macos-x86_64 0.6.4 OK
r-release-windows-ix86+x86_64 0.6.4 84.00 109.00 193.00 OK
r-oldrel-macos-x86_64 0.6.4 OK
r-oldrel-windows-ix86+x86_64 0.6.4 82.00 111.00 193.00 OK

Check Details

Version: 0.6.4
Check: whether package can be installed
Result: ERROR
    Installation failed.
Flavor: r-devel-windows-x86_64-gcc10-UCRT