Last updated on 2024-03-27 23:59:51 CET.
Flavor | Version | Tinstall | Tcheck | Ttotal | Status | Flags |
---|---|---|---|---|---|---|
r-devel-linux-x86_64-debian-clang | 1.2.13 | 17.08 | 155.11 | 172.19 | NOTE | |
r-devel-linux-x86_64-debian-gcc | 1.2.13 | 12.85 | 124.91 | 137.76 | NOTE | |
r-devel-linux-x86_64-fedora-clang | 1.2.13 | 221.11 | NOTE | |||
r-devel-linux-x86_64-fedora-gcc | 1.2.13 | 210.83 | NOTE | |||
r-devel-windows-x86_64 | 1.2.13 | 15.00 | 140.00 | 155.00 | NOTE | |
r-patched-linux-x86_64 | 1.2.13 | 11.05 | 159.26 | 170.31 | NOTE | |
r-release-linux-x86_64 | 1.2.13 | 11.80 | 159.89 | 171.69 | NOTE | |
r-release-macos-arm64 | 1.2.13 | 73.00 | NOTE | |||
r-release-macos-x86_64 | 1.2.13 | 116.00 | NOTE | |||
r-release-windows-x86_64 | 1.2.13 | 19.00 | 170.00 | 189.00 | NOTE | |
r-oldrel-macos-arm64 | 1.2.13 | 65.00 | NOTE | |||
r-oldrel-windows-x86_64 | 1.2.13 | 20.00 | 174.00 | 194.00 | NOTE |
Version: 1.2.13
Check: LazyData
Result: NOTE
'LazyData' is specified without a 'data' directory
Flavors: r-devel-linux-x86_64-debian-clang, r-devel-linux-x86_64-debian-gcc, r-devel-linux-x86_64-fedora-clang, r-devel-linux-x86_64-fedora-gcc, r-devel-windows-x86_64, r-patched-linux-x86_64, r-release-linux-x86_64, r-release-macos-arm64, r-release-macos-x86_64, r-release-windows-x86_64, r-oldrel-macos-arm64, r-oldrel-windows-x86_64