Last updated on 2024-04-18 01:03:06 CEST.
Flavor | Version | Tinstall | Tcheck | Ttotal | Status | Flags |
---|---|---|---|---|---|---|
r-devel-linux-x86_64-debian-clang | 0.1.2.1 | 4.95 | 79.60 | 84.55 | NOTE | |
r-devel-linux-x86_64-debian-gcc | 0.1.2.1 | 3.54 | 58.39 | 61.93 | NOTE | |
r-devel-linux-x86_64-fedora-clang | 0.1.2.1 | 105.96 | NOTE | |||
r-devel-linux-x86_64-fedora-gcc | 0.1.2.1 | 132.95 | NOTE | |||
r-prerel-macos-arm64 | 0.1.2.1 | 41.00 | NOTE | |||
r-prerel-windows-x86_64 | 0.1.2.1 | 6.00 | 83.00 | 89.00 | NOTE | |
r-patched-linux-x86_64 | 0.1.2.1 | 4.95 | 76.12 | 81.07 | NOTE | |
r-release-linux-x86_64 | 0.1.2.1 | 4.40 | 74.24 | 78.64 | OK | |
r-release-macos-arm64 | 0.1.2.1 | 60.00 | OK | |||
r-release-macos-x86_64 | 0.1.2.1 | 117.00 | OK | |||
r-release-windows-x86_64 | 0.1.2.1 | 7.00 | 93.00 | 100.00 | OK | |
r-oldrel-macos-arm64 | 0.1.2.1 | 54.00 | OK | |||
r-oldrel-windows-x86_64 | 0.1.2.1 | 6.00 | 95.00 | 101.00 | OK |
Version: 0.1.2.1
Check: Rd files
Result: NOTE
checkRd: (-1) panelsummary.Rd:112: Lost braces; missing escapes or markup?
112 | \item `"{exp(estimate) * std.error}"
| ^
checkRd: (-1) panelsummary_raw.Rd:90: Lost braces; missing escapes or markup?
90 | \item `"{exp(estimate) * std.error}"
| ^
Flavors: r-devel-linux-x86_64-debian-clang, r-devel-linux-x86_64-debian-gcc, r-devel-linux-x86_64-fedora-clang, r-devel-linux-x86_64-fedora-gcc, r-prerel-macos-arm64, r-prerel-windows-x86_64, r-patched-linux-x86_64