Last updated on 2023-05-28 22:00:18 CEST.
Flavor | Version | Tinstall | Tcheck | Ttotal | Status | Flags |
---|---|---|---|---|---|---|
r-devel-linux-x86_64-debian-clang | 0.1.0 | 8.88 | 70.74 | 79.62 | OK | |
r-devel-linux-x86_64-debian-gcc | 0.1.0 | 7.04 | 52.34 | 59.38 | OK | |
r-devel-linux-x86_64-fedora-clang | 0.1.0 | 97.20 | NOTE | |||
r-devel-linux-x86_64-fedora-gcc | 0.1.0 | 89.81 | NOTE | |||
r-devel-windows-x86_64 | 0.1.0 | 9.00 | 68.00 | 77.00 | OK | |
r-patched-linux-x86_64 | 0.1.0 | 15.00 | 64.91 | 79.91 | OK | |
r-release-linux-x86_64 | 0.1.0 | 7.83 | 64.77 | 72.60 | OK | |
r-release-macos-arm64 | 0.1.0 | 31.00 | OK | |||
r-release-macos-x86_64 | 0.1.0 | 45.00 | OK | |||
r-release-windows-x86_64 | 0.1.0 | 12.00 | 81.00 | 93.00 | OK | |
r-oldrel-macos-arm64 | 0.1.0 | 45.00 | NOTE | |||
r-oldrel-macos-x86_64 | 0.1.0 | 86.00 | NOTE | |||
r-oldrel-windows-x86_64 | 0.1.0 | 13.00 | 86.00 | 99.00 | OK |
Version: 0.1.0
Check: dependencies in R code
Result: NOTE
Namespace in Imports field not imported from: ‘DT’
All declared Imports should be used.
Flavors: r-devel-linux-x86_64-fedora-clang, r-devel-linux-x86_64-fedora-gcc, r-oldrel-macos-arm64, r-oldrel-macos-x86_64