CRAN Package Check Results for Package parcoords

Last updated on 2021-09-16 16:50:22 CEST.

Flavor Version Tinstall Tcheck Ttotal Status Flags
r-devel-linux-x86_64-debian-clang 1.0.0 2.65 31.17 33.82 NOTE
r-devel-linux-x86_64-debian-gcc 1.0.0 2.04 24.34 26.38 NOTE
r-devel-linux-x86_64-fedora-clang 1.0.0 50.48 NOTE
r-devel-linux-x86_64-fedora-gcc 1.0.0 38.93 NOTE
r-devel-windows-x86_64 1.0.0 4.00 59.00 63.00 NOTE
r-devel-windows-x86_64-gcc10-UCRT 1.0.0 NOTE
r-patched-linux-x86_64 1.0.0 2.68 30.19 32.87 NOTE
r-patched-solaris-x86 1.0.0 62.30 NOTE
r-release-linux-x86_64 1.0.0 2.28 30.19 32.47 NOTE
r-release-macos-arm64 1.0.0 NOTE
r-release-macos-x86_64 1.0.0 WARN
r-release-windows-ix86+x86_64 1.0.0 6.00 36.00 42.00 NOTE
r-oldrel-macos-x86_64 1.0.0 WARN
r-oldrel-windows-ix86+x86_64 1.0.0 6.00 47.00 53.00 NOTE

Check Details

Version: 1.0.0
Check: LazyData
Result: NOTE
     'LazyData' is specified without a 'data' directory
Flavors: r-devel-linux-x86_64-debian-clang, r-devel-linux-x86_64-debian-gcc, r-devel-linux-x86_64-fedora-clang, r-devel-linux-x86_64-fedora-gcc, r-devel-windows-x86_64, r-devel-windows-x86_64-gcc10-UCRT, r-patched-linux-x86_64, r-patched-solaris-x86, r-release-linux-x86_64, r-release-macos-arm64, r-release-macos-x86_64, r-release-windows-ix86+x86_64

Version: 1.0.0
Check: package vignettes
Result: NOTE
    Package vignette with placeholder title 'Vignette Title':
     'introduction-to-parcoords-.Rmd'
Flavors: r-devel-linux-x86_64-debian-clang, r-devel-linux-x86_64-debian-gcc, r-devel-windows-x86_64, r-patched-linux-x86_64, r-release-linux-x86_64, r-release-windows-ix86+x86_64, r-oldrel-windows-ix86+x86_64

Version: 1.0.0
Check: re-building of vignette outputs
Result: WARN
    Error(s) in re-building vignettes:
     ...
    --- re-building ‘introduction-to-parcoords-.Rmd’ using rmarkdown
    Warning in engine$weave(file, quiet = quiet, encoding = enc) :
     Pandoc (>= 1.12.3) not available. Falling back to R Markdown v1.
    Quitting from lines 27-30 (introduction-to-parcoords-.Rmd)
    Error: processing vignette 'introduction-to-parcoords-.Rmd' failed with diagnostics:
    invalid 'path' argument
    --- failed re-building ‘introduction-to-parcoords-.Rmd’
    
    SUMMARY: processing the following file failed:
     ‘introduction-to-parcoords-.Rmd’
    
    Error: Vignette re-building failed.
    Execution halted
Flavor: r-release-macos-x86_64

Version: 1.0.0
Check: re-building of vignette outputs
Result: WARN
    Error(s) in re-building vignettes:
     ...
    --- re-building ‘introduction-to-parcoords-.Rmd’ using rmarkdown
    Warning in engine$weave(file, quiet = quiet, encoding = enc) :
     Pandoc (>= 1.12.3) and/or pandoc-citeproc not available. Falling back to R Markdown v1.
    Quitting from lines 27-30 (introduction-to-parcoords-.Rmd)
    Error: processing vignette 'introduction-to-parcoords-.Rmd' failed with diagnostics:
    cannot open the connection
    --- failed re-building ‘introduction-to-parcoords-.Rmd’
    
    SUMMARY: processing the following file failed:
     ‘introduction-to-parcoords-.Rmd’
    
    Error: Vignette re-building failed.
    Execution halted
Flavor: r-oldrel-macos-x86_64