Last updated on 2024-04-19 08:54:49 CEST.
Flavor | Version | Tinstall | Tcheck | Ttotal | Status | Flags |
---|---|---|---|---|---|---|
r-devel-linux-x86_64-debian-clang | 0.3.3 | 95.29 | 70.76 | 166.05 | WARN | |
r-devel-linux-x86_64-debian-gcc | 0.3.3 | OK | ||||
r-devel-linux-x86_64-fedora-clang | 0.3.3 | 242.70 | OK | |||
r-devel-linux-x86_64-fedora-gcc | 0.3.3 | 253.14 | OK | |||
r-prerel-macos-arm64 | 0.3.3 | 53.00 | NOTE | |||
r-prerel-macos-x86_64 | 0.3.3 | 130.00 | NOTE | |||
r-prerel-windows-x86_64 | 0.3.3 | 84.00 | 101.00 | 185.00 | OK | |
r-patched-linux-x86_64 | 0.3.3 | 98.45 | 67.06 | 165.51 | OK | |
r-release-linux-x86_64 | 0.3.3 | 99.62 | 64.74 | 164.36 | OK | |
r-release-macos-arm64 | 0.3.3 | 68.00 | NOTE | |||
r-release-macos-x86_64 | 0.3.3 | 95.00 | NOTE | |||
r-release-windows-x86_64 | 0.3.3 | 106.00 | 111.00 | 217.00 | OK | |
r-oldrel-macos-arm64 | 0.3.3 | 53.00 | NOTE | |||
r-oldrel-windows-x86_64 | 0.3.3 | 104.00 | 107.00 | 211.00 | OK |
Version: 0.3.3
Check: whether package can be installed
Result: WARN
Found the following significant warnings:
/usr/bin/../lib/gcc/x86_64-linux-gnu/14/../../../../include/c++/14/functional:558:2: warning: 'result_of<std::_Bind<double (*(std::reference_wrapper<std::vector<double>>, etr::VEC<double> (*)(double &, etr::VEC<double> &, etr::VEC<double> &, etr::VEC<double> &), std::reference_wrapper<time_state_information>))(std::vector<double> &, etr::VEC<double> (*)(double &, etr::VEC<double> &, etr::VEC<double> &, etr::VEC<double> &), time_state_information &)> &()>' is deprecated: use 'std::invoke_result' instead [-Wdeprecated-declarations]
/usr/bin/../lib/gcc/x86_64-linux-gnu/14/../../../../include/c++/14/functional:558:2: warning: 'result_of<(lambda at /home/hornik/tmp/R.check/r-devel-clang/Work/build/Packages/RcppThread/include/RcppThread/quickpool.hpp:880:20) &()>' is deprecated: use 'std::invoke_result' instead [-Wdeprecated-declarations]
See ‘/home/hornik/tmp/R.check/r-devel-clang/Work/PKGS/paropt.Rcheck/00install.out’ for details.
* used C++ compiler: ‘Debian clang version 18.1.0 (rc4-1)’
Flavor: r-devel-linux-x86_64-debian-clang
Version: 0.3.3
Check: installed package size
Result: NOTE
installed size is 5.7Mb
sub-directories of 1Mb or more:
libs 4.2Mb
Flavors: r-prerel-macos-arm64, r-prerel-macos-x86_64, r-release-macos-arm64, r-release-macos-x86_64, r-oldrel-macos-arm64