Last updated on 2023-09-24 00:56:48 CEST.
Flavor | Version | Tinstall | Tcheck | Ttotal | Status | Flags |
---|---|---|---|---|---|---|
r-devel-linux-x86_64-debian-clang | 0.5.6.1 | 8.14 | 98.42 | 106.56 | NOTE | |
r-devel-linux-x86_64-debian-gcc | 0.5.6.1 | 7.70 | 72.86 | 80.56 | NOTE | |
r-devel-linux-x86_64-fedora-clang | 0.5.6.1 | 133.21 | NOTE | |||
r-devel-linux-x86_64-fedora-gcc | 0.5.6.1 | 145.55 | NOTE | |||
r-devel-windows-x86_64 | 0.5.6.1 | 9.00 | 114.00 | 123.00 | NOTE | |
r-patched-linux-x86_64 | 0.5.6.1 | 8.50 | 93.93 | 102.43 | OK | |
r-release-linux-x86_64 | 0.5.6.1 | 5.95 | 93.21 | 99.16 | OK | |
r-release-macos-arm64 | 0.5.6.1 | 60.00 | OK | |||
r-release-macos-x86_64 | 0.5.6.1 | 114.00 | OK | |||
r-release-windows-x86_64 | 0.5.6.1 | 13.00 | 120.00 | 133.00 | OK | |
r-oldrel-macos-arm64 | 0.5.6.1 | 56.00 | OK | |||
r-oldrel-macos-x86_64 | 0.5.6.1 | 82.00 | OK | |||
r-oldrel-windows-x86_64 | 0.5.6.1 | 12.00 | 121.00 | 133.00 | OK |
Version: 0.5.6.1
Check: Rd \usage sections
Result: NOTE
Documented arguments not in \usage in documentation object 'expect_missing_argument':
‘message’
Functions with \usage entries need to have the appropriate \alias
entries, and all their arguments documented.
The \usage entries must correspond to syntactically valid R code.
See chapter ‘Writing R documentation files’ in the ‘Writing R
Extensions’ manual.
Flavors: r-devel-linux-x86_64-debian-clang, r-devel-linux-x86_64-debian-gcc, r-devel-linux-x86_64-fedora-clang, r-devel-linux-x86_64-fedora-gcc, r-devel-windows-x86_64