Last updated on 2023-12-10 00:55:54 CET.
Flavor | Version | Tinstall | Tcheck | Ttotal | Status | Flags |
---|---|---|---|---|---|---|
r-devel-linux-x86_64-debian-clang | 1.0.1 | 5.84 | 65.54 | 71.38 | NOTE | |
r-devel-linux-x86_64-debian-gcc | 1.0.1 | 4.99 | 48.85 | 53.84 | NOTE | |
r-devel-linux-x86_64-fedora-clang | 1.0.1 | 86.55 | OK | |||
r-devel-linux-x86_64-fedora-gcc | 1.0.1 | 83.43 | OK | |||
r-devel-windows-x86_64 | 1.0.1 | 6.00 | 72.00 | 78.00 | OK | |
r-patched-linux-x86_64 | 1.0.1 | 6.72 | 63.78 | 70.50 | OK | |
r-release-linux-x86_64 | 1.0.1 | 4.01 | 62.04 | 66.05 | OK | |
r-release-macos-arm64 | 1.0.1 | 25.00 | OK | |||
r-release-macos-x86_64 | 1.0.1 | 43.00 | OK | |||
r-release-windows-x86_64 | 1.0.1 | 8.00 | 83.00 | 91.00 | OK | |
r-oldrel-macos-arm64 | 1.0.1 | 29.00 | OK | |||
r-oldrel-macos-x86_64 | 1.0.1 | 36.00 | OK | |||
r-oldrel-windows-x86_64 | 1.0.1 | 9.00 | 72.00 | 81.00 | OK |
Version: 1.0.1
Check: Rd files
Result: NOTE
checkRd: (-1) convert_notes.Rd:36: Lost braces in \itemize; meant \describe ?
checkRd: (-1) convert_notes.Rd:37: Lost braces in \itemize; meant \describe ?
checkRd: (-1) convert_notes.Rd:38: Lost braces in \itemize; meant \describe ?
checkRd: (-1) convert_notes.Rd:39: Lost braces in \itemize; meant \describe ?
checkRd: (-1) convert_notes.Rd:40: Lost braces in \itemize; meant \describe ?
checkRd: (-1) convert_notes.Rd:41: Lost braces in \itemize; meant \describe ?
checkRd: (-1) convert_notes.Rd:42: Lost braces in \itemize; meant \describe ?
checkRd: (-1) convert_notes.Rd:43: Lost braces in \itemize; meant \describe ?
checkRd: (-1) convert_notes.Rd:44: Lost braces in \itemize; meant \describe ?
checkRd: (-1) convert_notes.Rd:45: Lost braces in \itemize; meant \describe ?
checkRd: (-1) convert_notes.Rd:46: Lost braces in \itemize; meant \describe ?
checkRd: (-1) load_notes.Rd:71: Lost braces in \itemize; meant \describe ?
checkRd: (-1) load_notes.Rd:72: Lost braces in \itemize; meant \describe ?
checkRd: (-1) load_notes.Rd:73: Lost braces in \itemize; meant \describe ?
checkRd: (-1) load_notes.Rd:74: Lost braces in \itemize; meant \describe ?
checkRd: (-1) load_notes.Rd:75: Lost braces in \itemize; meant \describe ?
checkRd: (-1) load_notes.Rd:76: Lost braces in \itemize; meant \describe ?
checkRd: (-1) load_notes.Rd:77: Lost braces in \itemize; meant \describe ?
checkRd: (-1) load_notes.Rd:78: Lost braces in \itemize; meant \describe ?
checkRd: (-1) load_notes.Rd:79: Lost braces in \itemize; meant \describe ?
checkRd: (-1) load_notes.Rd:80: Lost braces in \itemize; meant \describe ?
Flavors: r-devel-linux-x86_64-debian-clang, r-devel-linux-x86_64-debian-gcc