Last updated on 2024-03-28 23:55:14 CET.
Flavor | Version | Tinstall | Tcheck | Ttotal | Status | Flags |
---|---|---|---|---|---|---|
r-devel-linux-x86_64-debian-clang | 1.1.0 | 6.48 | 58.96 | 65.44 | OK | |
r-devel-linux-x86_64-debian-gcc | 1.1.0 | 5.69 | 43.61 | 49.30 | OK | |
r-devel-linux-x86_64-fedora-clang | 1.1.0 | 80.42 | NOTE | |||
r-devel-linux-x86_64-fedora-gcc | 1.1.0 | 78.36 | NOTE | |||
r-devel-windows-x86_64 | 1.1.0 | 6.00 | 69.00 | 75.00 | OK | |
r-patched-linux-x86_64 | 1.1.0 | 6.61 | 56.10 | 62.71 | OK | |
r-release-linux-x86_64 | 1.1.0 | 4.29 | 56.21 | 60.50 | OK | |
r-release-macos-arm64 | 1.1.0 | 31.00 | OK | |||
r-release-macos-x86_64 | 1.1.0 | 57.00 | OK | |||
r-release-windows-x86_64 | 1.1.0 | 9.00 | 79.00 | 88.00 | OK | |
r-oldrel-macos-arm64 | 1.1.0 | 32.00 | OK | |||
r-oldrel-windows-x86_64 | 1.1.0 | 10.00 | 73.00 | 83.00 | OK |
Version: 1.1.0
Check: dependencies in R code
Result: NOTE
Namespace in Imports field not imported from: ‘doParallel’
All declared Imports should be used.
Flavors: r-devel-linux-x86_64-fedora-clang, r-devel-linux-x86_64-fedora-gcc