Last updated on 2024-03-28 23:55:14 CET.
Flavor | Version | Tinstall | Tcheck | Ttotal | Status | Flags |
---|---|---|---|---|---|---|
r-devel-linux-x86_64-debian-clang | 0.2.0 | 120.75 | 300.42 | 421.17 | OK | |
r-devel-linux-x86_64-debian-gcc | 0.2.0 | 92.24 | 220.08 | 312.32 | OK | |
r-devel-linux-x86_64-fedora-clang | 0.2.0 | 545.26 | OK | |||
r-devel-linux-x86_64-fedora-gcc | 0.2.0 | 550.15 | OK | |||
r-devel-windows-x86_64 | 0.2.0 | 87.00 | 284.00 | 371.00 | NOTE | |
r-patched-linux-x86_64 | 0.2.0 | 83.85 | 293.81 | 377.66 | OK | |
r-release-linux-x86_64 | 0.2.0 | 80.35 | 289.67 | 370.02 | OK | |
r-release-macos-arm64 | 0.2.0 | 147.00 | NOTE | |||
r-release-macos-x86_64 | 0.2.0 | 265.00 | NOTE | |||
r-release-windows-x86_64 | 0.2.0 | 116.00 | 335.00 | 451.00 | NOTE | |
r-oldrel-macos-arm64 | 0.2.0 | 156.00 | NOTE | |||
r-oldrel-windows-x86_64 | 0.2.0 | 111.00 | 328.00 | 439.00 | NOTE |
Version: 0.2.0
Check: installed package size
Result: NOTE
installed size is 5.3Mb
sub-directories of 1Mb or more:
doc 2.8Mb
libs 1.3Mb
Flavors: r-devel-windows-x86_64, r-release-macos-arm64, r-release-macos-x86_64, r-release-windows-x86_64, r-oldrel-macos-arm64, r-oldrel-windows-x86_64