Last updated on 2024-04-18 16:50:03 CEST.
Flavor | Version | Tinstall | Tcheck | Ttotal | Status | Flags |
---|---|---|---|---|---|---|
r-devel-linux-x86_64-debian-clang | 1.2-20 | 20.09 | 364.70 | 384.79 | OK | |
r-devel-linux-x86_64-debian-gcc | 1.2-20 | 13.06 | 271.24 | 284.30 | OK | |
r-devel-linux-x86_64-fedora-clang | 1.2-20 | 459.84 | OK | |||
r-devel-linux-x86_64-fedora-gcc | 1.2-20 | 482.17 | OK | |||
r-prerel-macos-arm64 | 1.2-20 | 140.00 | OK | |||
r-prerel-windows-x86_64 | 1.2-20 | 17.00 | 362.00 | 379.00 | OK | |
r-patched-linux-x86_64 | 1.2-20 | 15.14 | 347.37 | 362.51 | OK | |
r-release-linux-x86_64 | 1.2-20 | 14.65 | 353.84 | 368.49 | OK | |
r-release-macos-arm64 | 1.2-20 | 168.00 | OK | |||
r-release-macos-x86_64 | 1.2-20 | 363.00 | OK | |||
r-release-windows-x86_64 | 1.2-20 | 22.00 | 390.00 | 412.00 | OK | |
r-oldrel-macos-arm64 | 1.2-20 | 147.00 | NOTE | |||
r-oldrel-windows-x86_64 | 1.2-20 | 21.00 | 397.00 | 418.00 | NOTE |
Version: 1.2-20
Check: running R code from vignettes
Result: NOTE
‘constparty.Rnw’... [3s/3s] OK
‘ctree.Rnw’ using ‘UTF-8’... [4s/4s] NOTE
differences from ‘ctree.Rout.save’
1409,1412d1408
< Deviance Residuals:
< Min 1Q Median 3Q Max
< -45.801 -11.208 -1.049 10.903 53.615
<
‘mob.Rnw’... [5s/5s] OK
‘partykit.Rnw’... [1s/1s] OK
Flavor: r-oldrel-macos-arm64
Version: 1.2-20
Check: running R code from vignettes
Result: NOTE
'ctree.Rnw' using 'UTF-8'... [11s] NOTE
differences from 'ctree.Rout.save'
1409,1412d1408
< Deviance Residuals:
< Min 1Q Median 3Q Max
< -45.801 -11.208 -1.049 10.903 53.615
<
'partykit.Rnw'... [3s] OK
Flavor: r-oldrel-windows-x86_64