Last updated on 2023-09-23 00:54:00 CEST.
Flavor | Version | Tinstall | Tcheck | Ttotal | Status | Flags |
---|---|---|---|---|---|---|
r-devel-linux-x86_64-debian-clang | 2.8.0 | 15.66 | 212.51 | 228.17 | OK | |
r-devel-linux-x86_64-debian-gcc | 2.8.0 | 12.80 | 146.39 | 159.19 | OK | |
r-devel-linux-x86_64-fedora-clang | 2.8.0 | 296.03 | NOTE | |||
r-devel-linux-x86_64-fedora-gcc | 2.8.0 | 276.72 | OK | |||
r-devel-windows-x86_64 | 2.8.0 | 13.00 | 168.00 | 181.00 | OK | |
r-patched-linux-x86_64 | 2.8.0 | 17.50 | 204.00 | 221.50 | OK | |
r-release-linux-x86_64 | 2.8.0 | 14.78 | 200.62 | 215.40 | OK | |
r-release-macos-arm64 | 2.8.0 | 88.00 | OK | |||
r-release-macos-x86_64 | 2.8.0 | 144.00 | OK | |||
r-release-windows-x86_64 | 2.8.0 | 17.00 | 202.00 | 219.00 | OK | |
r-oldrel-macos-arm64 | 2.8.0 | 120.00 | OK | |||
r-oldrel-macos-x86_64 | 2.8.0 | 161.00 | OK | |||
r-oldrel-windows-x86_64 | 2.8.0 | 16.00 | 172.00 | 188.00 | OK |
Version: 2.8.0
Check: Rd cross-references
Result: NOTE
Undeclared package ‘future’ in Rd xrefs
Flavor: r-devel-linux-x86_64-fedora-clang