Last updated on 2024-03-28 23:55:14 CET.
Flavor | Version | Tinstall | Tcheck | Ttotal | Status | Flags |
---|---|---|---|---|---|---|
r-devel-linux-x86_64-debian-clang | 0.5.0 | 1219.13 | 502.26 | 1721.39 | OK | |
r-devel-linux-x86_64-debian-gcc | 0.5.0 | 985.12 | 352.40 | 1337.52 | OK | |
r-devel-linux-x86_64-fedora-clang | 0.5.0 | 2131.59 | NOTE | |||
r-devel-linux-x86_64-fedora-gcc | 0.5.0 | 1476.67 | OK | |||
r-devel-windows-x86_64 | 0.5.0 | 784.00 | 468.00 | 1252.00 | NOTE | |
r-patched-linux-x86_64 | 0.5.0 | 1167.13 | 479.50 | 1646.63 | OK | |
r-release-linux-x86_64 | 0.5.0 | 1089.30 | 469.38 | 1558.68 | OK | |
r-release-macos-arm64 | 0.5.0 | 1173.00 | NOTE | |||
r-release-macos-x86_64 | 0.5.0 | 1736.00 | NOTE | |||
r-release-windows-x86_64 | 0.5.0 | 1302.00 | 535.00 | 1837.00 | NOTE | |
r-oldrel-macos-arm64 | 0.5.0 | 821.00 | NOTE | |||
r-oldrel-windows-x86_64 | 0.5.0 | 1087.00 | 268.00 | 1355.00 | NOTE |
Version: 0.5.0
Check: installed package size
Result: NOTE
installed size is 9.4Mb
sub-directories of 1Mb or more:
R 6.7Mb
help 2.5Mb
Flavors: r-devel-linux-x86_64-fedora-clang, r-devel-windows-x86_64, r-release-macos-arm64, r-release-macos-x86_64, r-release-windows-x86_64, r-oldrel-macos-arm64, r-oldrel-windows-x86_64