Last updated on 2024-04-20 08:51:04 CEST.
Flavor | Version | Tinstall | Tcheck | Ttotal | Status | Flags |
---|---|---|---|---|---|---|
r-devel-linux-x86_64-debian-clang | 0.5.0 | 121.48 | 387.18 | 508.66 | OK | |
r-devel-linux-x86_64-debian-gcc | 0.5.0 | 110.91 | 280.26 | 391.17 | OK | |
r-devel-linux-x86_64-fedora-clang | 0.5.0 | 635.52 | NOTE | |||
r-devel-linux-x86_64-fedora-gcc | 0.5.0 | 618.61 | OK | |||
r-prerel-macos-arm64 | 0.5.0 | 153.00 | NOTE | |||
r-prerel-windows-x86_64 | 0.5.0 | 107.00 | 479.00 | 586.00 | NOTE | |
r-patched-linux-x86_64 | 0.5.0 | 138.00 | 377.64 | 515.64 | OK | |
r-release-linux-x86_64 | 0.5.0 | 133.43 | 372.34 | 505.77 | OK | |
r-release-macos-arm64 | 0.5.0 | 141.00 | NOTE | |||
r-release-macos-x86_64 | 0.5.0 | 273.00 | NOTE | |||
r-release-windows-x86_64 | 0.5.0 | 148.00 | 540.00 | 688.00 | NOTE | |
r-oldrel-macos-arm64 | 0.5.0 | 112.00 | NOTE | |||
r-oldrel-windows-x86_64 | 0.5.0 | 147.00 | 211.00 | 358.00 | NOTE |
Version: 0.5.0
Check: installed package size
Result: NOTE
installed size is 6.2Mb
sub-directories of 1Mb or more:
R 2.5Mb
help 3.5Mb
Flavors: r-devel-linux-x86_64-fedora-clang, r-prerel-macos-arm64, r-prerel-windows-x86_64, r-release-macos-arm64, r-release-macos-x86_64, r-release-windows-x86_64, r-oldrel-macos-arm64, r-oldrel-windows-x86_64