Last updated on 2023-12-03 00:56:51 CET.
Flavor | Version | Tinstall | Tcheck | Ttotal | Status | Flags |
---|---|---|---|---|---|---|
r-devel-linux-x86_64-debian-clang | 0.4.0 | 109.75 | 333.15 | 442.90 | NOTE | |
r-devel-linux-x86_64-debian-gcc | 0.4.0 | 97.03 | 250.65 | 347.68 | NOTE | |
r-devel-linux-x86_64-fedora-clang | 0.4.0 | 559.00 | NOTE | |||
r-devel-linux-x86_64-fedora-gcc | 0.4.0 | 530.79 | OK | |||
r-devel-windows-x86_64 | 0.4.0 | 97.00 | 426.00 | 523.00 | NOTE | |
r-patched-linux-x86_64 | 0.4.0 | 131.46 | 313.37 | 444.83 | OK | |
r-release-linux-x86_64 | 0.4.0 | 100.26 | 311.83 | 412.09 | OK | |
r-release-macos-arm64 | 0.4.0 | 138.00 | NOTE | |||
r-release-macos-x86_64 | 0.4.0 | 273.00 | NOTE | |||
r-release-windows-x86_64 | 0.4.0 | 137.00 | 477.00 | 614.00 | NOTE | |
r-oldrel-macos-arm64 | 0.4.0 | 111.00 | NOTE | |||
r-oldrel-macos-x86_64 | 0.4.0 | 148.00 | NOTE | |||
r-oldrel-windows-x86_64 | 0.4.0 | 131.00 | 195.00 | 326.00 | NOTE |
Version: 0.4.0
Check: Rd files
Result: NOTE
checkRd: (-1) applicationautoscaling.Rd:19: Lost braces in \itemize; meant \describe ?
checkRd: (-1) applicationautoscaling.Rd:20: Lost braces in \itemize; meant \describe ?
checkRd: (-1) applicationautoscaling.Rd:21: Lost braces in \itemize; meant \describe ?
checkRd: (-1) applicationautoscaling.Rd:23: Lost braces in \itemize; meant \describe ?
checkRd: (-1) applicationautoscaling.Rd:24: Lost braces in \itemize; meant \describe ?
checkRd: (-1) applicationautoscaling.Rd:25: Lost braces in \itemize; meant \describe ?
checkRd: (-1) applicationautoscaling.Rd:26: Lost braces in \itemize; meant \describe ?
checkRd: (-1) applicationautoscaling.Rd:28: Lost braces in \itemize; meant \describe ?
checkRd: (-1) applicationautoscaling.Rd:29: Lost braces in \itemize; meant \describe ?
checkRd: (-1) applicationautoscaling.Rd:30: Lost braces in \itemize; meant \describe ?
checkRd: (-1) applicationautoscaling.Rd:31: Lost braces in \itemize; meant \describe ?
checkRd: (-1) applicationautoscaling.Rd:37: Lost braces in \itemize; meant \describe ?
checkRd: (-1) applicationautoscaling.Rd:38: Lost braces in \itemize; meant \describe ?
checkRd: (-1) applicationautoscaling.Rd:39: Lost braces in \itemize; meant \describe ?
checkRd: (-1) applicationautoscaling.Rd:41: Lost braces in \itemize; meant \describe ?
checkRd: (-1) applicationautoscaling.Rd:42: Lost braces in \itemize; meant \describe ?
checkRd: (-1) applicationcostprofiler.Rd:19: Lost braces in \itemize; meant \describe ?
checkRd: (-1) applicationcostprofiler.Rd:20: Lost braces in \itemize; meant \describe ?
checkRd: (-1) applicationcostprofiler.Rd:21: Lost braces in \itemize; meant \describe ?
checkRd: (-1) applicationcostprofiler.Rd:23: Lost braces in \itemize; meant \describe ?
checkRd: (-1) applicationcostprofiler.Rd:24: Lost braces in \itemize; meant \describe ?
checkRd: (-1) applicationcostprofiler.Rd:25: Lost braces in \itemize; meant \describe ?
checkRd: (-1) applicationcostprofiler.Rd:26: Lost braces in \itemize; meant \describe ?
checkRd: (-1) applicationcostprofiler.Rd:28: Lost braces in \itemize; meant \describe ?
checkRd: (-1) applicationcostprofiler.Rd:29: Lost braces in \itemize; meant \describe ?
checkRd: (-1) applicationcostprofiler.Rd:30: Lost braces in \itemize; meant \describe ?
checkRd: (-1) applicationcostprofiler.Rd:31: Lost braces in \itemize; meant \describe ?
checkRd: (-1) applicationcostprofiler.Rd:37: Lost braces in \itemize; meant \describe ?
checkRd: (-1) applicationcostprofiler.Rd:38: Lost braces in \itemize; meant \describe ?
checkRd: (-1) applicationcostprofiler.Rd:39: Lost braces in \itemize; meant \describe ?
checkRd: (-1) applicationcostprofiler.Rd:41: Lost braces in \itemize; meant \describe ?
checkRd: (-1) applicationcostprofiler.Rd:42: Lost braces in \itemize; meant \describe ?
checkRd: (-1) applicationinsights.Rd:19: Lost braces in \itemize; meant \describe ?
checkRd: (-1) applicationinsights.Rd:20: Lost braces in \itemize; meant \describe ?
checkRd: (-1) applicationinsights.Rd:21: Lost braces in \itemize; meant \describe ?
checkRd: (-1) applicationinsights.Rd:23: Lost braces in \itemize; meant \describe ?
checkRd: (-1) applicationinsights.Rd:24: Lost braces in \itemize; meant \describe ?
checkRd: (-1) applicationinsights.Rd:25: Lost braces in \itemize; meant \describe ?
checkRd: (-1) applicationinsights.Rd:26: Lost braces in \itemize; meant \describe ?
checkRd: (-1) applicationinsights.Rd:28: Lost braces in \itemize; meant \describe ?
checkRd: (-1) applicationinsights.Rd:29: Lost braces in \itemize; meant \describe ?
checkRd: (-1) applicationinsights.Rd:30: Lost braces in \itemize; meant \describe ?
checkRd: (-1) applicationinsights.Rd:31: Lost braces in \itemize; meant \describe ?
checkRd: (-1) applicationinsights.Rd:37: Lost braces in \itemize; meant \describe ?
checkRd: (-1) applicationinsights.Rd:38: Lost braces in \itemize; meant \describe ?
checkRd: (-1) applicationinsights.Rd:39: Lost braces in \itemize; meant \describe ?
checkRd: (-1) applicationinsights.Rd:41: Lost braces in \itemize; meant \describe ?
checkRd: (-1) applicationinsights.Rd:42: Lost braces in \itemize; meant \describe ?
checkRd: (-1) appregistry.Rd:19: Lost braces in \itemize; meant \describe ?
checkRd: (-1) appregistry.Rd:20: Lost braces in \itemize; meant \describe ?
checkRd: (-1) appregistry.Rd:21: Lost braces in \itemize; meant \describe ?
checkRd: (-1) appregistry.Rd:23: Lost braces in \itemize; meant \describe ?
checkRd: (-1) appregistry.Rd:24: Lost braces in \itemize; meant \describe ?
checkRd: (-1) appregistry.Rd:25: Lost braces in \itemize; meant \describe ?
checkRd: (-1) appregistry.Rd:26: Lost braces in \itemize; meant \describe ?
checkRd: (-1) appregistry.Rd:28: Lost braces in \itemize; meant \describe ?
checkRd: (-1) appregistry.Rd:29: Lost braces in \itemize; meant \describe ?
checkRd: (-1) appregistry.Rd:30: Lost braces in \itemize; meant \describe ?
checkRd: (-1) appregistry.Rd:31: Lost braces in \itemize; meant \describe ?
checkRd: (-1) appregistry.Rd:37: Lost braces in \itemize; meant \describe ?
checkRd: (-1) appregistry.Rd:38: Lost braces in \itemize; meant \describe ?
checkRd: (-1) appregistry.Rd:39: Lost braces in \itemize; meant \describe ?
checkRd: (-1) appregistry.Rd:41: Lost braces in \itemize; meant \describe ?
checkRd: (-1) appregistry.Rd:42: Lost braces in \itemize; meant \describe ?
checkRd: (-1) auditmanager.Rd:19: Lost braces in \itemize; meant \describe ?
checkRd: (-1) auditmanager.Rd:20: Lost braces in \itemize; meant \describe ?
checkRd: (-1) auditmanager.Rd:21: Lost braces in \itemize; meant \describe ?
checkRd: (-1) auditmanager.Rd:23: Lost braces in \itemize; meant \describe ?
checkRd: (-1) auditmanager.Rd:24: Lost braces in \itemize; meant \describe ?
checkRd: (-1) auditmanager.Rd:25: Lost braces in \itemize; meant \describe ?
checkRd: (-1) auditmanager.Rd:26: Lost braces in \itemize; meant \describe ?
checkRd: (-1) auditmanager.Rd:28: Lost braces in \itemize; meant \describe ?
checkRd: (-1) auditmanager.Rd:29: Lost braces in \itemize; meant \describe ?
checkRd: (-1) auditmanager.Rd:30: Lost braces in \itemize; meant \describe ?
checkRd: (-1) auditmanager.Rd:31: Lost braces in \itemize; meant \describe ?
checkRd: (-1) auditmanager.Rd:37: Lost braces in \itemize; meant \describe ?
checkRd: (-1) auditmanager.Rd:38: Lost braces in \itemize; meant \describe ?
checkRd: (-1) auditmanager.Rd:39: Lost braces in \itemize; meant \describe ?
checkRd: (-1) auditmanager.Rd:41: Lost braces in \itemize; meant \describe ?
checkRd: (-1) auditmanager.Rd:42: Lost braces in \itemize; meant \describe ?
checkRd: (-1) autoscaling.Rd:19: Lost braces in \itemize; meant \describe ?
checkRd: (-1) autoscaling.Rd:20: Lost braces in \itemize; meant \describe ?
checkRd: (-1) autoscaling.Rd:21: Lost braces in \itemize; meant \describe ?
checkRd: (-1) autoscaling.Rd:23: Lost braces in \itemize; meant \describe ?
checkRd: (-1) autoscaling.Rd:24: Lost braces in \itemize; meant \describe ?
checkRd: (-1) autoscaling.Rd:25: Lost braces in \itemize; meant \describe ?
checkRd: (-1) autoscaling.Rd:26: Lost braces in \itemize; meant \describe ?
checkRd: (-1) autoscaling.Rd:28: Lost braces in \itemize; meant \describe ?
checkRd: (-1) autoscaling.Rd:29: Lost braces in \itemize; meant \describe ?
checkRd: (-1) autoscaling.Rd:30: Lost braces in \itemize; meant \describe ?
checkRd: (-1) autoscaling.Rd:31: Lost braces in \itemize; meant \describe ?
checkRd: (-1) autoscaling.Rd:37: Lost braces in \itemize; meant \describe ?
checkRd: (-1) autoscaling.Rd:38: Lost braces in \itemize; meant \describe ?
checkRd: (-1) autoscaling.Rd:39: Lost braces in \itemize; meant \describe ?
checkRd: (-1) autoscaling.Rd:41: Lost braces in \itemize; meant \describe ?
checkRd: (-1) autoscaling.Rd:42: Lost braces in \itemize; meant \describe ?
checkRd: (-1) autoscalingplans.Rd:19: Lost braces in \itemize; meant \describe ?
checkRd: (-1) autoscalingplans.Rd:20: Lost braces in \itemize; meant \describe ?
checkRd: (-1) autoscalingplans.Rd:21: Lost braces in \itemize; meant \describe ?
checkRd: (-1) autoscalingplans.Rd:23: Lost braces in \itemize; meant \describe ?
checkRd: (-1) autoscalingplans.Rd:24: Lost braces in \itemize; meant \describe ?
checkRd: (-1) autoscalingplans.Rd:25: Lost braces in \itemize; meant \describe ?
checkRd: (-1) autoscalingplans.Rd:26: Lost braces in \itemize; meant \describe ?
checkRd: (-1) autoscalingplans.Rd:28: Lost braces in \itemize; meant \describe ?
checkRd: (-1) autoscalingplans.Rd:29: Lost braces in \itemize; meant \describe ?
checkRd: (-1) autoscalingplans.Rd:30: Lost braces in \itemize; meant \describe ?
checkRd: (-1) autoscalingplans.Rd:31: Lost braces in \itemize; meant \describe ?
checkRd: (-1) autoscalingplans.Rd:37: Lost braces in \itemize; meant \describe ?
checkRd: (-1) autoscalingplans.Rd:38: Lost braces in \itemize; meant \describe ?
checkRd: (-1) autoscalingplans.Rd:39: Lost braces in \itemize; meant \describe ?
checkRd: (-1) autoscalingplans.Rd:41: Lost braces in \itemize; meant \describe ?
checkRd: (-1) autoscalingplans.Rd:42: Lost braces in \itemize; meant \describe ?
checkRd: (-1) cloudformation.Rd:19: Lost braces in \itemize; meant \describe ?
checkRd: (-1) cloudformation.Rd:20: Lost braces in \itemize; meant \describe ?
checkRd: (-1) cloudformation.Rd:21: Lost braces in \itemize; meant \describe ?
checkRd: (-1) cloudformation.Rd:23: Lost braces in \itemize; meant \describe ?
checkRd: (-1) cloudformation.Rd:24: Lost braces in \itemize; meant \describe ?
checkRd: (-1) cloudformation.Rd:25: Lost braces in \itemize; meant \describe ?
checkRd: (-1) cloudformation.Rd:26: Lost braces in \itemize; meant \describe ?
checkRd: (-1) cloudformation.Rd:28: Lost braces in \itemize; meant \describe ?
checkRd: (-1) cloudformation.Rd:29: Lost braces in \itemize; meant \describe ?
checkRd: (-1) cloudformation.Rd:30: Lost braces in \itemize; meant \describe ?
checkRd: (-1) cloudformation.Rd:31: Lost braces in \itemize; meant \describe ?
checkRd: (-1) cloudformation.Rd:37: Lost braces in \itemize; meant \describe ?
checkRd: (-1) cloudformation.Rd:38: Lost braces in \itemize; meant \describe ?
checkRd: (-1) cloudformation.Rd:39: Lost braces in \itemize; meant \describe ?
checkRd: (-1) cloudformation.Rd:41: Lost braces in \itemize; meant \describe ?
checkRd: (-1) cloudformation.Rd:42: Lost braces in \itemize; meant \describe ?
checkRd: (-1) cloudtrail.Rd:19: Lost braces in \itemize; meant \describe ?
checkRd: (-1) cloudtrail.Rd:20: Lost braces in \itemize; meant \describe ?
checkRd: (-1) cloudtrail.Rd:21: Lost braces in \itemize; meant \describe ?
checkRd: (-1) cloudtrail.Rd:23: Lost braces in \itemize; meant \describe ?
checkRd: (-1) cloudtrail.Rd:24: Lost braces in \itemize; meant \describe ?
checkRd: (-1) cloudtrail.Rd:25: Lost braces in \itemize; meant \describe ?
checkRd: (-1) cloudtrail.Rd:26: Lost braces in \itemize; meant \describe ?
checkRd: (-1) cloudtrail.Rd:28: Lost braces in \itemize; meant \describe ?
checkRd: (-1) cloudtrail.Rd:29: Lost braces in \itemize; meant \describe ?
checkRd: (-1) cloudtrail.Rd:30: Lost braces in \itemize; meant \describe ?
checkRd: (-1) cloudtrail.Rd:31: Lost braces in \itemize; meant \describe ?
checkRd: (-1) cloudtrail.Rd:37: Lost braces in \itemize; meant \describe ?
checkRd: (-1) cloudtrail.Rd:38: Lost braces in \itemize; meant \describe ?
checkRd: (-1) cloudtrail.Rd:39: Lost braces in \itemize; meant \describe ?
checkRd: (-1) cloudtrail.Rd:41: Lost braces in \itemize; meant \describe ?
checkRd: (-1) cloudtrail.Rd:42: Lost braces in \itemize; meant \describe ?
checkRd: (-1) cloudwatch.Rd:19: Lost braces in \itemize; meant \describe ?
checkRd: (-1) cloudwatch.Rd:20: Lost braces in \itemize; meant \describe ?
checkRd: (-1) cloudwatch.Rd:21: Lost braces in \itemize; meant \describe ?
checkRd: (-1) cloudwatch.Rd:23: Lost braces in \itemize; meant \describe ?
checkRd: (-1) cloudwatch.Rd:24: Lost braces in \itemize; meant \describe ?
checkRd: (-1) cloudwatch.Rd:25: Lost braces in \itemize; meant \describe ?
checkRd: (-1) cloudwatch.Rd:26: Lost braces in \itemize; meant \describe ?
checkRd: (-1) cloudwatch.Rd:28: Lost braces in \itemize; meant \describe ?
checkRd: (-1) cloudwatch.Rd:29: Lost braces in \itemize; meant \describe ?
checkRd: (-1) cloudwatch.Rd:30: Lost braces in \itemize; meant \describe ?
checkRd: (-1) cloudwatch.Rd:31: Lost braces in \itemize; meant \describe ?
checkRd: (-1) cloudwatch.Rd:37: Lost braces in \itemize; meant \describe ?
checkRd: (-1) cloudwatch.Rd:38: Lost braces in \itemize; meant \describe ?
checkRd: (-1) cloudwatch.Rd:39: Lost braces in \itemize; meant \describe ?
checkRd: (-1) cloudwatch.Rd:41: Lost braces in \itemize; meant \describe ?
checkRd: (-1) cloudwatch.Rd:42: Lost braces in \itemize; meant \describe ?
checkRd: (-1) cloudwatchevents.Rd:19: Lost braces in \itemize; meant \describe ?
checkRd: (-1) cloudwatchevents.Rd:20: Lost braces in \itemize; meant \describe ?
checkRd: (-1) cloudwatchevents.Rd:21: Lost braces in \itemize; meant \describe ?
checkRd: (-1) cloudwatchevents.Rd:23: Lost braces in \itemize; meant \describe ?
checkRd: (-1) cloudwatchevents.Rd:24: Lost braces in \itemize; meant \describe ?
checkRd: (-1) cloudwatchevents.Rd:25: Lost braces in \itemize; meant \describe ?
checkRd: (-1) cloudwatchevents.Rd:26: Lost braces in \itemize; meant \describe ?
checkRd: (-1) cloudwatchevents.Rd:28: Lost braces in \itemize; meant \describe ?
checkRd: (-1) cloudwatchevents.Rd:29: Lost braces in \itemize; meant \describe ?
checkRd: (-1) cloudwatchevents.Rd:30: Lost braces in \itemize; meant \describe ?
checkRd: (-1) cloudwatchevents.Rd:31: Lost braces in \itemize; meant \describe ?
checkRd: (-1) cloudwatchevents.Rd:37: Lost braces in \itemize; meant \describe ?
checkRd: (-1) cloudwatchevents.Rd:38: Lost braces in \itemize; meant \describe ?
checkRd: (-1) cloudwatchevents.Rd:39: Lost braces in \itemize; meant \describe ?
checkRd: (-1) cloudwatchevents.Rd:41: Lost braces in \itemize; meant \describe ?
checkRd: (-1) cloudwatchevents.Rd:42: Lost braces in \itemize; meant \describe ?
checkRd: (-1) cloudwatchevidently.Rd:19: Lost braces in \itemize; meant \describe ?
checkRd: (-1) cloudwatchevidently.Rd:20: Lost braces in \itemize; meant \describe ?
checkRd: (-1) cloudwatchevidently.Rd:21: Lost braces in \itemize; meant \describe ?
checkRd: (-1) cloudwatchevidently.Rd:23: Lost braces in \itemize; meant \describe ?
checkRd: (-1) cloudwatchevidently.Rd:24: Lost braces in \itemize; meant \describe ?
checkRd: (-1) cloudwatchevidently.Rd:25: Lost braces in \itemize; meant \describe ?
checkRd: (-1) cloudwatchevidently.Rd:26: Lost braces in \itemize; meant \describe ?
checkRd: (-1) cloudwatchevidently.Rd:28: Lost braces in \itemize; meant \describe ?
checkRd: (-1) cloudwatchevidently.Rd:29: Lost braces in \itemize; meant \describe ?
checkRd: (-1) cloudwatchevidently.Rd:30: Lost braces in \itemize; meant \describe ?
checkRd: (-1) cloudwatchevidently.Rd:31: Lost braces in \itemize; meant \describe ?
checkRd: (-1) cloudwatchevidently.Rd:37: Lost braces in \itemize; meant \describe ?
checkRd: (-1) cloudwatchevidently.Rd:38: Lost braces in \itemize; meant \describe ?
checkRd: (-1) cloudwatchevidently.Rd:39: Lost braces in \itemize; meant \describe ?
checkRd: (-1) cloudwatchevidently.Rd:41: Lost braces in \itemize; meant \describe ?
checkRd: (-1) cloudwatchevidently.Rd:42: Lost braces in \itemize; meant \describe ?
checkRd: (-1) cloudwatchlogs.Rd:19: Lost braces in \itemize; meant \describe ?
checkRd: (-1) cloudwatchlogs.Rd:20: Lost braces in \itemize; meant \describe ?
checkRd: (-1) cloudwatchlogs.Rd:21: Lost braces in \itemize; meant \describe ?
checkRd: (-1) cloudwatchlogs.Rd:23: Lost braces in \itemize; meant \describe ?
checkRd: (-1) cloudwatchlogs.Rd:24: Lost braces in \itemize; meant \describe ?
checkRd: (-1) cloudwatchlogs.Rd:25: Lost braces in \itemize; meant \describe ?
checkRd: (-1) cloudwatchlogs.Rd:26: Lost braces in \itemize; meant \describe ?
checkRd: (-1) cloudwatchlogs.Rd:28: Lost braces in \itemize; meant \describe ?
checkRd: (-1) cloudwatchlogs.Rd:29: Lost braces in \itemize; meant \describe ?
checkRd: (-1) cloudwatchlogs.Rd:30: Lost braces in \itemize; meant \describe ?
checkRd: (-1) cloudwatchlogs.Rd:31: Lost braces in \itemize; meant \describe ?
checkRd: (-1) cloudwatchlogs.Rd:37: Lost braces in \itemize; meant \describe ?
checkRd: (-1) cloudwatchlogs.Rd:38: Lost braces in \itemize; meant \describe ?
checkRd: (-1) cloudwatchlogs.Rd:39: Lost braces in \itemize; meant \describe ?
checkRd: (-1) cloudwatchlogs.Rd:41: Lost braces in \itemize; meant \describe ?
checkRd: (-1) cloudwatchlogs.Rd:42: Lost braces in \itemize; meant \describe ?
checkRd: (-1) cloudwatchrum.Rd:19: Lost braces in \itemize; meant \describe ?
checkRd: (-1) cloudwatchrum.Rd:20: Lost braces in \itemize; meant \describe ?
checkRd: (-1) cloudwatchrum.Rd:21: Lost braces in \itemize; meant \describe ?
checkRd: (-1) cloudwatchrum.Rd:23: Lost braces in \itemize; meant \describe ?
checkRd: (-1) cloudwatchrum.Rd:24: Lost braces in \itemize; meant \describe ?
checkRd: (-1) cloudwatchrum.Rd:25: Lost braces in \itemize; meant \describe ?
checkRd: (-1) cloudwatchrum.Rd:26: Lost braces in \itemize; meant \describe ?
checkRd: (-1) cloudwatchrum.Rd:28: Lost braces in \itemize; meant \describe ?
checkRd: (-1) cloudwatchrum.Rd:29: Lost braces in \itemize; meant \describe ?
checkRd: (-1) cloudwatchrum.Rd:30: Lost braces in \itemize; meant \describe ?
checkRd: (-1) cloudwatchrum.Rd:31: Lost braces in \itemize; meant \describe ?
checkRd: (-1) cloudwatchrum.Rd:37: Lost braces in \itemize; meant \describe ?
checkRd: (-1) cloudwatchrum.Rd:38: Lost braces in \itemize; meant \describe ?
checkRd: (-1) cloudwatchrum.Rd:39: Lost braces in \itemize; meant \describe ?
checkRd: (-1) cloudwatchrum.Rd:41: Lost braces in \itemize; meant \describe ?
checkRd: (-1) cloudwatchrum.Rd:42: Lost braces in \itemize; meant \describe ?
checkRd: (-1) configservice.Rd:19: Lost braces in \itemize; meant \describe ?
checkRd: (-1) configservice.Rd:20: Lost braces in \itemize; meant \describe ?
checkRd: (-1) configservice.Rd:21: Lost braces in \itemize; meant \describe ?
checkRd: (-1) configservice.Rd:23: Lost braces in \itemize; meant \describe ?
checkRd: (-1) configservice.Rd:24: Lost braces in \itemize; meant \describe ?
checkRd: (-1) configservice.Rd:25: Lost braces in \itemize; meant \describe ?
checkRd: (-1) configservice.Rd:26: Lost braces in \itemize; meant \describe ?
checkRd: (-1) configservice.Rd:28: Lost braces in \itemize; meant \describe ?
checkRd: (-1) configservice.Rd:29: Lost braces in \itemize; meant \describe ?
checkRd: (-1) configservice.Rd:30: Lost braces in \itemize; meant \describe ?
checkRd: (-1) configservice.Rd:31: Lost braces in \itemize; meant \describe ?
checkRd: (-1) configservice.Rd:37: Lost braces in \itemize; meant \describe ?
checkRd: (-1) configservice.Rd:38: Lost braces in \itemize; meant \describe ?
checkRd: (-1) configservice.Rd:39: Lost braces in \itemize; meant \describe ?
checkRd: (-1) configservice.Rd:41: Lost braces in \itemize; meant \describe ?
checkRd: (-1) configservice.Rd:42: Lost braces in \itemize; meant \describe ?
checkRd: (-1) finspace.Rd:14: Lost braces in \itemize; meant \describe ?
checkRd: (-1) finspace.Rd:15: Lost braces in \itemize; meant \describe ?
checkRd: (-1) finspace.Rd:16: Lost braces in \itemize; meant \describe ?
checkRd: (-1) finspace.Rd:18: Lost braces in \itemize; meant \describe ?
checkRd: (-1) finspace.Rd:19: Lost braces in \itemize; meant \describe ?
checkRd: (-1) finspace.Rd:20: Lost braces in \itemize; meant \describe ?
checkRd: (-1) finspace.Rd:21: Lost braces in \itemize; meant \describe ?
checkRd: (-1) finspace.Rd:23: Lost braces in \itemize; meant \describe ?
checkRd: (-1) finspace.Rd:24: Lost braces in \itemize; meant \describe ?
checkRd: (-1) finspace.Rd:25: Lost braces in \itemize; meant \describe ?
checkRd: (-1) finspace.Rd:26: Lost braces in \itemize; meant \describe ?
checkRd: (-1) finspace.Rd:32: Lost braces in \itemize; meant \describe ?
checkRd: (-1) finspace.Rd:33: Lost braces in \itemize; meant \describe ?
checkRd: (-1) finspace.Rd:34: Lost braces in \itemize; meant \describe ?
checkRd: (-1) finspace.Rd:36: Lost braces in \itemize; meant \describe ?
checkRd: (-1) finspace.Rd:37: Lost braces in \itemize; meant \describe ?
checkRd: (-1) health.Rd:14: Lost braces in \itemize; meant \describe ?
checkRd: (-1) health.Rd:15: Lost braces in \itemize; meant \describe ?
checkRd: (-1) health.Rd:16: Lost braces in \itemize; meant \describe ?
checkRd: (-1) health.Rd:18: Lost braces in \itemize; meant \describe ?
checkRd: (-1) health.Rd:19: Lost braces in \itemize; meant \describe ?
checkRd: (-1) health.Rd:20: Lost braces in \itemize; meant \describe ?
checkRd: (-1) health.Rd:21: Lost braces in \itemize; meant \describe ?
checkRd: (-1) health.Rd:23: Lost braces in \itemize; meant \describe ?
checkRd: (-1) health.Rd:24: Lost braces in \itemize; meant \describe ?
checkRd: (-1) health.Rd:25: Lost braces in \itemize; meant \describe ?
checkRd: (-1) health.Rd:26: Lost braces in \itemize; meant \describe ?
checkRd: (-1) health.Rd:32: Lost braces in \itemize; meant \describe ?
checkRd: (-1) health.Rd:33: Lost braces in \itemize; meant \describe ?
checkRd: (-1) health.Rd:34: Lost braces in \itemize; meant \describe ?
checkRd: (-1) health.Rd:36: Lost braces in \itemize; meant \describe ?
checkRd: (-1) health.Rd:37: Lost braces in \itemize; meant \describe ?
checkRd: (-1) licensemanager.Rd:19: Lost braces in \itemize; meant \describe ?
checkRd: (-1) licensemanager.Rd:20: Lost braces in \itemize; meant \describe ?
checkRd: (-1) licensemanager.Rd:21: Lost braces in \itemize; meant \describe ?
checkRd: (-1) licensemanager.Rd:23: Lost braces in \itemize; meant \describe ?
checkRd: (-1) licensemanager.Rd:24: Lost braces in \itemize; meant \describe ?
checkRd: (-1) licensemanager.Rd:25: Lost braces in \itemize; meant \describe ?
checkRd: (-1) licensemanager.Rd:26: Lost braces in \itemize; meant \describe ?
checkRd: (-1) licensemanager.Rd:28: Lost braces in \itemize; meant \describe ?
checkRd: (-1) licensemanager.Rd:29: Lost braces in \itemize; meant \describe ?
checkRd: (-1) licensemanager.Rd:30: Lost braces in \itemize; meant \describe ?
checkRd: (-1) licensemanager.Rd:31: Lost braces in \itemize; meant \describe ?
checkRd: (-1) licensemanager.Rd:37: Lost braces in \itemize; meant \describe ?
checkRd: (-1) licensemanager.Rd:38: Lost braces in \itemize; meant \describe ?
checkRd: (-1) licensemanager.Rd:39: Lost braces in \itemize; meant \describe ?
checkRd: (-1) licensemanager.Rd:41: Lost braces in \itemize; meant \describe ?
checkRd: (-1) licensemanager.Rd:42: Lost braces in \itemize; meant \describe ?
checkRd: (-1) licensemanagerusersubscriptions.Rd:19: Lost braces in \itemize; meant \describe ?
checkRd: (-1) licensemanagerusersubscriptions.Rd:20: Lost braces in \itemize; meant \describe ?
checkRd: (-1) licensemanagerusersubscriptions.Rd:21: Lost braces in \itemize; meant \describe ?
checkRd: (-1) licensemanagerusersubscriptions.Rd:23: Lost braces in \itemize; meant \describe ?
checkRd: (-1) licensemanagerusersubscriptions.Rd:24: Lost braces in \itemize; meant \describe ?
checkRd: (-1) licensemanagerusersubscriptions.Rd:25: Lost braces in \itemize; meant \describe ?
checkRd: (-1) licensemanagerusersubscriptions.Rd:26: Lost braces in \itemize; meant \describe ?
checkRd: (-1) licensemanagerusersubscriptions.Rd:28: Lost braces in \itemize; meant \describe ?
checkRd: (-1) licensemanagerusersubscriptions.Rd:29: Lost braces in \itemize; meant \describe ?
checkRd: (-1) licensemanagerusersubscriptions.Rd:30: Lost braces in \itemize; meant \describe ?
checkRd: (-1) licensemanagerusersubscriptions.Rd:31: Lost braces in \itemize; meant \describe ?
checkRd: (-1) licensemanagerusersubscriptions.Rd:37: Lost braces in \itemize; meant \describe ?
checkRd: (-1) licensemanagerusersubscriptions.Rd:38: Lost braces in \itemize; meant \describe ?
checkRd: (-1) licensemanagerusersubscriptions.Rd:39: Lost braces in \itemize; meant \describe ?
checkRd: (-1) licensemanagerusersubscriptions.Rd:41: Lost braces in \itemize; meant \describe ?
checkRd: (-1) licensemanagerusersubscriptions.Rd:42: Lost braces in \itemize; meant \describe ?
checkRd: (-1) managedgrafana.Rd:19: Lost braces in \itemize; meant \describe ?
checkRd: (-1) managedgrafana.Rd:20: Lost braces in \itemize; meant \describe ?
checkRd: (-1) managedgrafana.Rd:21: Lost braces in \itemize; meant \describe ?
checkRd: (-1) managedgrafana.Rd:23: Lost braces in \itemize; meant \describe ?
checkRd: (-1) managedgrafana.Rd:24: Lost braces in \itemize; meant \describe ?
checkRd: (-1) managedgrafana.Rd:25: Lost braces in \itemize; meant \describe ?
checkRd: (-1) managedgrafana.Rd:26: Lost braces in \itemize; meant \describe ?
checkRd: (-1) managedgrafana.Rd:28: Lost braces in \itemize; meant \describe ?
checkRd: (-1) managedgrafana.Rd:29: Lost braces in \itemize; meant \describe ?
checkRd: (-1) managedgrafana.Rd:30: Lost braces in \itemize; meant \describe ?
checkRd: (-1) managedgrafana.Rd:31: Lost braces in \itemize; meant \describe ?
checkRd: (-1) managedgrafana.Rd:37: Lost braces in \itemize; meant \describe ?
checkRd: (-1) managedgrafana.Rd:38: Lost braces in \itemize; meant \describe ?
checkRd: (-1) managedgrafana.Rd:39: Lost braces in \itemize; meant \describe ?
checkRd: (-1) managedgrafana.Rd:41: Lost braces in \itemize; meant \describe ?
checkRd: (-1) managedgrafana.Rd:42: Lost braces in \itemize; meant \describe ?
checkRd: (-1) opsworks.Rd:14: Lost braces in \itemize; meant \describe ?
checkRd: (-1) opsworks.Rd:15: Lost braces in \itemize; meant \describe ?
checkRd: (-1) opsworks.Rd:16: Lost braces in \itemize; meant \describe ?
checkRd: (-1) opsworks.Rd:18: Lost braces in \itemize; meant \describe ?
checkRd: (-1) opsworks.Rd:19: Lost braces in \itemize; meant \describe ?
checkRd: (-1) opsworks.Rd:20: Lost braces in \itemize; meant \describe ?
checkRd: (-1) opsworks.Rd:21: Lost braces in \itemize; meant \describe ?
checkRd: (-1) opsworks.Rd:23: Lost braces in \itemize; meant \describe ?
checkRd: (-1) opsworks.Rd:24: Lost braces in \itemize; meant \describe ?
checkRd: (-1) opsworks.Rd:25: Lost braces in \itemize; meant \describe ?
checkRd: (-1) opsworks.Rd:26: Lost braces in \itemize; meant \describe ?
checkRd: (-1) opsworks.Rd:32: Lost braces in \itemize; meant \describe ?
checkRd: (-1) opsworks.Rd:33: Lost braces in \itemize; meant \describe ?
checkRd: (-1) opsworks.Rd:34: Lost braces in \itemize; meant \describe ?
checkRd: (-1) opsworks.Rd:36: Lost braces in \itemize; meant \describe ?
checkRd: (-1) opsworks.Rd:37: Lost braces in \itemize; meant \describe ?
checkRd: (-1) opsworkscm.Rd:19: Lost braces in \itemize; meant \describe ?
checkRd: (-1) opsworkscm.Rd:20: Lost braces in \itemize; meant \describe ?
checkRd: (-1) opsworkscm.Rd:21: Lost braces in \itemize; meant \describe ?
checkRd: (-1) opsworkscm.Rd:23: Lost braces in \itemize; meant \describe ?
checkRd: (-1) opsworkscm.Rd:24: Lost braces in \itemize; meant \describe ?
checkRd: (-1) opsworkscm.Rd:25: Lost braces in \itemize; meant \describe ?
checkRd: (-1) opsworkscm.Rd:26: Lost braces in \itemize; meant \describe ?
checkRd: (-1) opsworkscm.Rd:28: Lost braces in \itemize; meant \describe ?
checkRd: (-1) opsworkscm.Rd:29: Lost braces in \itemize; meant \describe ?
checkRd: (-1) opsworkscm.Rd:30: Lost braces in \itemize; meant \describe ?
checkRd: (-1) opsworkscm.Rd:31: Lost braces in \itemize; meant \describe ?
checkRd: (-1) opsworkscm.Rd:37: Lost braces in \itemize; meant \describe ?
checkRd: (-1) opsworkscm.Rd:38: Lost braces in \itemize; meant \describe ?
checkRd: (-1) opsworkscm.Rd:39: Lost braces in \itemize; meant \describe ?
checkRd: (-1) opsworkscm.Rd:41: Lost braces in \itemize; meant \describe ?
checkRd: (-1) opsworkscm.Rd:42: Lost braces in \itemize; meant \describe ?
checkRd: (-1) organizations.Rd:19: Lost braces in \itemize; meant \describe ?
checkRd: (-1) organizations.Rd:20: Lost braces in \itemize; meant \describe ?
checkRd: (-1) organizations.Rd:21: Lost braces in \itemize; meant \describe ?
checkRd: (-1) organizations.Rd:23: Lost braces in \itemize; meant \describe ?
checkRd: (-1) organizations.Rd:24: Lost braces in \itemize; meant \describe ?
checkRd: (-1) organizations.Rd:25: Lost braces in \itemize; meant \describe ?
checkRd: (-1) organizations.Rd:26: Lost braces in \itemize; meant \describe ?
checkRd: (-1) organizations.Rd:28: Lost braces in \itemize; meant \describe ?
checkRd: (-1) organizations.Rd:29: Lost braces in \itemize; meant \describe ?
checkRd: (-1) organizations.Rd:30: Lost braces in \itemize; meant \describe ?
checkRd: (-1) organizations.Rd:31: Lost braces in \itemize; meant \describe ?
checkRd: (-1) organizations.Rd:37: Lost braces in \itemize; meant \describe ?
checkRd: (-1) organizations.Rd:38: Lost braces in \itemize; meant \describe ?
checkRd: (-1) organizations.Rd:39: Lost braces in \itemize; meant \describe ?
checkRd: (-1) organizations.Rd:41: Lost braces in \itemize; meant \describe ?
checkRd: (-1) organizations.Rd:42: Lost braces in \itemize; meant \describe ?
checkRd: (-1) pi.Rd:14: Lost braces in \itemize; meant \describe ?
checkRd: (-1) pi.Rd:15: Lost braces in \itemize; meant \describe ?
checkRd: (-1) pi.Rd:16: Lost braces in \itemize; meant \describe ?
checkRd: (-1) pi.Rd:18: Lost braces in \itemize; meant \describe ?
checkRd: (-1) pi.Rd:19: Lost braces in \itemize; meant \describe ?
checkRd: (-1) pi.Rd:20: Lost braces in \itemize; meant \describe ?
checkRd: (-1) pi.Rd:21: Lost braces in \itemize; meant \describe ?
checkRd: (-1) pi.Rd:23: Lost braces in \itemize; meant \describe ?
checkRd: (-1) pi.Rd:24: Lost braces in \itemize; meant \describe ?
checkRd: (-1) pi.Rd:25: Lost braces in \itemize; meant \describe ?
checkRd: (-1) pi.Rd:26: Lost braces in \itemize; meant \describe ?
checkRd: (-1) pi.Rd:32: Lost braces in \itemize; meant \describe ?
checkRd: (-1) pi.Rd:33: Lost braces in \itemize; meant \describe ?
checkRd: (-1) pi.Rd:34: Lost braces in \itemize; meant \describe ?
checkRd: (-1) pi.Rd:36: Lost braces in \itemize; meant \describe ?
checkRd: (-1) pi.Rd:37: Lost braces in \itemize; meant \describe ?
checkRd: (-1) prometheusservice.Rd:19: Lost braces in \itemize; meant \describe ?
checkRd: (-1) prometheusservice.Rd:20: Lost braces in \itemize; meant \describe ?
checkRd: (-1) prometheusservice.Rd:21: Lost braces in \itemize; meant \describe ?
checkRd: (-1) prometheusservice.Rd:23: Lost braces in \itemize; meant \describe ?
checkRd: (-1) prometheusservice.Rd:24: Lost braces in \itemize; meant \describe ?
checkRd: (-1) prometheusservice.Rd:25: Lost braces in \itemize; meant \describe ?
checkRd: (-1) prometheusservice.Rd:26: Lost braces in \itemize; meant \describe ?
checkRd: (-1) prometheusservice.Rd:28: Lost braces in \itemize; meant \describe ?
checkRd: (-1) prometheusservice.Rd:29: Lost braces in \itemize; meant \describe ?
checkRd: (-1) prometheusservice.Rd:30: Lost braces in \itemize; meant \describe ?
checkRd: (-1) prometheusservice.Rd:31: Lost braces in \itemize; meant \describe ?
checkRd: (-1) prometheusservice.Rd:37: Lost braces in \itemize; meant \describe ?
checkRd: (-1) prometheusservice.Rd:38: Lost braces in \itemize; meant \describe ?
checkRd: (-1) prometheusservice.Rd:39: Lost braces in \itemize; meant \describe ?
checkRd: (-1) prometheusservice.Rd:41: Lost braces in \itemize; meant \describe ?
checkRd: (-1) prometheusservice.Rd:42: Lost braces in \itemize; meant \describe ?
checkRd: (-1) resiliencehub.Rd:19: Lost braces in \itemize; meant \describe ?
checkRd: (-1) resiliencehub.Rd:20: Lost braces in \itemize; meant \describe ?
checkRd: (-1) resiliencehub.Rd:21: Lost braces in \itemize; meant \describe ?
checkRd: (-1) resiliencehub.Rd:23: Lost braces in \itemize; meant \describe ?
checkRd: (-1) resiliencehub.Rd:24: Lost braces in \itemize; meant \describe ?
checkRd: (-1) resiliencehub.Rd:25: Lost braces in \itemize; meant \describe ?
checkRd: (-1) resiliencehub.Rd:26: Lost braces in \itemize; meant \describe ?
checkRd: (-1) resiliencehub.Rd:28: Lost braces in \itemize; meant \describe ?
checkRd: (-1) resiliencehub.Rd:29: Lost braces in \itemize; meant \describe ?
checkRd: (-1) resiliencehub.Rd:30: Lost braces in \itemize; meant \describe ?
checkRd: (-1) resiliencehub.Rd:31: Lost braces in \itemize; meant \describe ?
checkRd: (-1) resiliencehub.Rd:37: Lost braces in \itemize; meant \describe ?
checkRd: (-1) resiliencehub.Rd:38: Lost braces in \itemize; meant \describe ?
checkRd: (-1) resiliencehub.Rd:39: Lost braces in \itemize; meant \describe ?
checkRd: (-1) resiliencehub.Rd:41: Lost braces in \itemize; meant \describe ?
checkRd: (-1) resiliencehub.Rd:42: Lost braces in \itemize; meant \describe ?
checkRd: (-1) resourcegroups.Rd:19: Lost braces in \itemize; meant \describe ?
checkRd: (-1) resourcegroups.Rd:20: Lost braces in \itemize; meant \describe ?
checkRd: (-1) resourcegroups.Rd:21: Lost braces in \itemize; meant \describe ?
checkRd: (-1) resourcegroups.Rd:23: Lost braces in \itemize; meant \describe ?
checkRd: (-1) resourcegroups.Rd:24: Lost braces in \itemize; meant \describe ?
checkRd: (-1) resourcegroups.Rd:25: Lost braces in \itemize; meant \describe ?
checkRd: (-1) resourcegroups.Rd:26: Lost braces in \itemize; meant \describe ?
checkRd: (-1) resourcegroups.Rd:28: Lost braces in \itemize; meant \describe ?
checkRd: (-1) resourcegroups.Rd:29: Lost braces in \itemize; meant \describe ?
checkRd: (-1) resourcegroups.Rd:30: Lost braces in \itemize; meant \describe ?
checkRd: (-1) resourcegroups.Rd:31: Lost braces in \itemize; meant \describe ?
checkRd: (-1) resourcegroups.Rd:37: Lost braces in \itemize; meant \describe ?
checkRd: (-1) resourcegroups.Rd:38: Lost braces in \itemize; meant \describe ?
checkRd: (-1) resourcegroups.Rd:39: Lost braces in \itemize; meant \describe ?
checkRd: (-1) resourcegroups.Rd:41: Lost braces in \itemize; meant \describe ?
checkRd: (-1) resourcegroups.Rd:42: Lost braces in \itemize; meant \describe ?
checkRd: (-1) resourcegroupstaggingapi.Rd:19: Lost braces in \itemize; meant \describe ?
checkRd: (-1) resourcegroupstaggingapi.Rd:20: Lost braces in \itemize; meant \describe ?
checkRd: (-1) resourcegroupstaggingapi.Rd:21: Lost braces in \itemize; meant \describe ?
checkRd: (-1) resourcegroupstaggingapi.Rd:23: Lost braces in \itemize; meant \describe ?
checkRd: (-1) resourcegroupstaggingapi.Rd:24: Lost braces in \itemize; meant \describe ?
checkRd: (-1) resourcegroupstaggingapi.Rd:25: Lost braces in \itemize; meant \describe ?
checkRd: (-1) resourcegroupstaggingapi.Rd:26: Lost braces in \itemize; meant \describe ?
checkRd: (-1) resourcegroupstaggingapi.Rd:28: Lost braces in \itemize; meant \describe ?
checkRd: (-1) resourcegroupstaggingapi.Rd:29: Lost braces in \itemize; meant \describe ?
checkRd: (-1) resourcegroupstaggingapi.Rd:30: Lost braces in \itemize; meant \describe ?
checkRd: (-1) resourcegroupstaggingapi.Rd:31: Lost braces in \itemize; meant \describe ?
checkRd: (-1) resourcegroupstaggingapi.Rd:37: Lost braces in \itemize; meant \describe ?
checkRd: (-1) resourcegroupstaggingapi.Rd:38: Lost braces in \itemize; meant \describe ?
checkRd: (-1) resourcegroupstaggingapi.Rd:39: Lost braces in \itemize; meant \describe ?
checkRd: (-1) resourcegroupstaggingapi.Rd:41: Lost braces in \itemize; meant \describe ?
checkRd: (-1) resourcegroupstaggingapi.Rd:42: Lost braces in \itemize; meant \describe ?
checkRd: (-1) servicecatalog.Rd:19: Lost braces in \itemize; meant \describe ?
checkRd: (-1) servicecatalog.Rd:20: Lost braces in \itemize; meant \describe ?
checkRd: (-1) servicecatalog.Rd:21: Lost braces in \itemize; meant \describe ?
checkRd: (-1) servicecatalog.Rd:23: Lost braces in \itemize; meant \describe ?
checkRd: (-1) servicecatalog.Rd:24: Lost braces in \itemize; meant \describe ?
checkRd: (-1) servicecatalog.Rd:25: Lost braces in \itemize; meant \describe ?
checkRd: (-1) servicecatalog.Rd:26: Lost braces in \itemize; meant \describe ?
checkRd: (-1) servicecatalog.Rd:28: Lost braces in \itemize; meant \describe ?
checkRd: (-1) servicecatalog.Rd:29: Lost braces in \itemize; meant \describe ?
checkRd: (-1) servicecatalog.Rd:30: Lost braces in \itemize; meant \describe ?
checkRd: (-1) servicecatalog.Rd:31: Lost braces in \itemize; meant \describe ?
checkRd: (-1) servicecatalog.Rd:37: Lost braces in \itemize; meant \describe ?
checkRd: (-1) servicecatalog.Rd:38: Lost braces in \itemize; meant \describe ?
checkRd: (-1) servicecatalog.Rd:39: Lost braces in \itemize; meant \describe ?
checkRd: (-1) servicecatalog.Rd:41: Lost braces in \itemize; meant \describe ?
checkRd: (-1) servicecatalog.Rd:42: Lost braces in \itemize; meant \describe ?
checkRd: (-1) servicequotas.Rd:19: Lost braces in \itemize; meant \describe ?
checkRd: (-1) servicequotas.Rd:20: Lost braces in \itemize; meant \describe ?
checkRd: (-1) servicequotas.Rd:21: Lost braces in \itemize; meant \describe ?
checkRd: (-1) servicequotas.Rd:23: Lost braces in \itemize; meant \describe ?
checkRd: (-1) servicequotas.Rd:24: Lost braces in \itemize; meant \describe ?
checkRd: (-1) servicequotas.Rd:25: Lost braces in \itemize; meant \describe ?
checkRd: (-1) servicequotas.Rd:26: Lost braces in \itemize; meant \describe ?
checkRd: (-1) servicequotas.Rd:28: Lost braces in \itemize; meant \describe ?
checkRd: (-1) servicequotas.Rd:29: Lost braces in \itemize; meant \describe ?
checkRd: (-1) servicequotas.Rd:30: Lost braces in \itemize; meant \describe ?
checkRd: (-1) servicequotas.Rd:31: Lost braces in \itemize; meant \describe ?
checkRd: (-1) servicequotas.Rd:37: Lost braces in \itemize; meant \describe ?
checkRd: (-1) servicequotas.Rd:38: Lost braces in \itemize; meant \describe ?
checkRd: (-1) servicequotas.Rd:39: Lost braces in \itemize; meant \describe ?
checkRd: (-1) servicequotas.Rd:41: Lost braces in \itemize; meant \describe ?
checkRd: (-1) servicequotas.Rd:42: Lost braces in \itemize; meant \describe ?
checkRd: (-1) ssm.Rd:14: Lost braces in \itemize; meant \describe ?
checkRd: (-1) ssm.Rd:15: Lost braces in \itemize; meant \describe ?
checkRd: (-1) ssm.Rd:16: Lost braces in \itemize; meant \describe ?
checkRd: (-1) ssm.Rd:18: Lost braces in \itemize; meant \describe ?
checkRd: (-1) ssm.Rd:19: Lost braces in \itemize; meant \describe ?
checkRd: (-1) ssm.Rd:20: Lost braces in \itemize; meant \describe ?
checkRd: (-1) ssm.Rd:21: Lost braces in \itemize; meant \describe ?
checkRd: (-1) ssm.Rd:23: Lost braces in \itemize; meant \describe ?
checkRd: (-1) ssm.Rd:24: Lost braces in \itemize; meant \describe ?
checkRd: (-1) ssm.Rd:25: Lost braces in \itemize; meant \describe ?
checkRd: (-1) ssm.Rd:26: Lost braces in \itemize; meant \describe ?
checkRd: (-1) ssm.Rd:32: Lost braces in \itemize; meant \describe ?
checkRd: (-1) ssm.Rd:33: Lost braces in \itemize; meant \describe ?
checkRd: (-1) ssm.Rd:34: Lost braces in \itemize; meant \describe ?
checkRd: (-1) ssm.Rd:36: Lost braces in \itemize; meant \describe ?
checkRd: (-1) ssm.Rd:37: Lost braces in \itemize; meant \describe ?
checkRd: (-1) ssmcontacts.Rd:19: Lost braces in \itemize; meant \describe ?
checkRd: (-1) ssmcontacts.Rd:20: Lost braces in \itemize; meant \describe ?
checkRd: (-1) ssmcontacts.Rd:21: Lost braces in \itemize; meant \describe ?
checkRd: (-1) ssmcontacts.Rd:23: Lost braces in \itemize; meant \describe ?
checkRd: (-1) ssmcontacts.Rd:24: Lost braces in \itemize; meant \describe ?
checkRd: (-1) ssmcontacts.Rd:25: Lost braces in \itemize; meant \describe ?
checkRd: (-1) ssmcontacts.Rd:26: Lost braces in \itemize; meant \describe ?
checkRd: (-1) ssmcontacts.Rd:28: Lost braces in \itemize; meant \describe ?
checkRd: (-1) ssmcontacts.Rd:29: Lost braces in \itemize; meant \describe ?
checkRd: (-1) ssmcontacts.Rd:30: Lost braces in \itemize; meant \describe ?
checkRd: (-1) ssmcontacts.Rd:31: Lost braces in \itemize; meant \describe ?
checkRd: (-1) ssmcontacts.Rd:37: Lost braces in \itemize; meant \describe ?
checkRd: (-1) ssmcontacts.Rd:38: Lost braces in \itemize; meant \describe ?
checkRd: (-1) ssmcontacts.Rd:39: Lost braces in \itemize; meant \describe ?
checkRd: (-1) ssmcontacts.Rd:41: Lost braces in \itemize; meant \describe ?
checkRd: (-1) ssmcontacts.Rd:42: Lost braces in \itemize; meant \describe ?
checkRd: (-1) ssmincidents.Rd:19: Lost braces in \itemize; meant \describe ?
checkRd: (-1) ssmincidents.Rd:20: Lost braces in \itemize; meant \describe ?
checkRd: (-1) ssmincidents.Rd:21: Lost braces in \itemize; meant \describe ?
checkRd: (-1) ssmincidents.Rd:23: Lost braces in \itemize; meant \describe ?
checkRd: (-1) ssmincidents.Rd:24: Lost braces in \itemize; meant \describe ?
checkRd: (-1) ssmincidents.Rd:25: Lost braces in \itemize; meant \describe ?
checkRd: (-1) ssmincidents.Rd:26: Lost braces in \itemize; meant \describe ?
checkRd: (-1) ssmincidents.Rd:28: Lost braces in \itemize; meant \describe ?
checkRd: (-1) ssmincidents.Rd:29: Lost braces in \itemize; meant \describe ?
checkRd: (-1) ssmincidents.Rd:30: Lost braces in \itemize; meant \describe ?
checkRd: (-1) ssmincidents.Rd:31: Lost braces in \itemize; meant \describe ?
checkRd: (-1) ssmincidents.Rd:37: Lost braces in \itemize; meant \describe ?
checkRd: (-1) ssmincidents.Rd:38: Lost braces in \itemize; meant \describe ?
checkRd: (-1) ssmincidents.Rd:39: Lost braces in \itemize; meant \describe ?
checkRd: (-1) ssmincidents.Rd:41: Lost braces in \itemize; meant \describe ?
checkRd: (-1) ssmincidents.Rd:42: Lost braces in \itemize; meant \describe ?
checkRd: (-1) support.Rd:14: Lost braces in \itemize; meant \describe ?
checkRd: (-1) support.Rd:15: Lost braces in \itemize; meant \describe ?
checkRd: (-1) support.Rd:16: Lost braces in \itemize; meant \describe ?
checkRd: (-1) support.Rd:18: Lost braces in \itemize; meant \describe ?
checkRd: (-1) support.Rd:19: Lost braces in \itemize; meant \describe ?
checkRd: (-1) support.Rd:20: Lost braces in \itemize; meant \describe ?
checkRd: (-1) support.Rd:21: Lost braces in \itemize; meant \describe ?
checkRd: (-1) support.Rd:23: Lost braces in \itemize; meant \describe ?
checkRd: (-1) support.Rd:24: Lost braces in \itemize; meant \describe ?
checkRd: (-1) support.Rd:25: Lost braces in \itemize; meant \describe ?
checkRd: (-1) support.Rd:26: Lost braces in \itemize; meant \describe ?
checkRd: (-1) support.Rd:32: Lost braces in \itemize; meant \describe ?
checkRd: (-1) support.Rd:33: Lost braces in \itemize; meant \describe ?
checkRd: (-1) support.Rd:34: Lost braces in \itemize; meant \describe ?
checkRd: (-1) support.Rd:36: Lost braces in \itemize; meant \describe ?
checkRd: (-1) support.Rd:37: Lost braces in \itemize; meant \describe ?
checkRd: (-1) synthetics.Rd:19: Lost braces in \itemize; meant \describe ?
checkRd: (-1) synthetics.Rd:20: Lost braces in \itemize; meant \describe ?
checkRd: (-1) synthetics.Rd:21: Lost braces in \itemize; meant \describe ?
checkRd: (-1) synthetics.Rd:23: Lost braces in \itemize; meant \describe ?
checkRd: (-1) synthetics.Rd:24: Lost braces in \itemize; meant \describe ?
checkRd: (-1) synthetics.Rd:25: Lost braces in \itemize; meant \describe ?
checkRd: (-1) synthetics.Rd:26: Lost braces in \itemize; meant \describe ?
checkRd: (-1) synthetics.Rd:28: Lost braces in \itemize; meant \describe ?
checkRd: (-1) synthetics.Rd:29: Lost braces in \itemize; meant \describe ?
checkRd: (-1) synthetics.Rd:30: Lost braces in \itemize; meant \describe ?
checkRd: (-1) synthetics.Rd:31: Lost braces in \itemize; meant \describe ?
checkRd: (-1) synthetics.Rd:37: Lost braces in \itemize; meant \describe ?
checkRd: (-1) synthetics.Rd:38: Lost braces in \itemize; meant \describe ?
checkRd: (-1) synthetics.Rd:39: Lost braces in \itemize; meant \describe ?
checkRd: (-1) synthetics.Rd:41: Lost braces in \itemize; meant \describe ?
checkRd: (-1) synthetics.Rd:42: Lost braces in \itemize; meant \describe ?
Flavors: r-devel-linux-x86_64-debian-clang, r-devel-linux-x86_64-debian-gcc
Version: 0.4.0
Check: installed package size
Result: NOTE
installed size is 5.7Mb
sub-directories of 1Mb or more:
R 2.3Mb
help 3.2Mb
Flavors: r-devel-linux-x86_64-fedora-clang, r-devel-windows-x86_64, r-release-macos-arm64, r-release-macos-x86_64, r-release-windows-x86_64, r-oldrel-macos-arm64, r-oldrel-macos-x86_64, r-oldrel-windows-x86_64