Last updated on 2023-12-04 00:52:50 CET.
Flavor | Version | Tinstall | Tcheck | Ttotal | Status | Flags |
---|---|---|---|---|---|---|
r-devel-linux-x86_64-debian-clang | 0.4.0 | 55.51 | 142.27 | 197.78 | NOTE | |
r-devel-linux-x86_64-debian-gcc | 0.4.0 | 46.47 | 106.48 | 152.95 | NOTE | |
r-devel-linux-x86_64-fedora-clang | 0.4.0 | 241.29 | OK | |||
r-devel-linux-x86_64-fedora-gcc | 0.4.0 | 226.03 | OK | |||
r-devel-windows-x86_64 | 0.4.0 | 40.00 | 185.00 | 225.00 | OK | |
r-patched-linux-x86_64 | 0.4.0 | 58.35 | 134.72 | 193.07 | OK | |
r-release-linux-x86_64 | 0.4.0 | 36.24 | 135.54 | 171.78 | OK | |
r-release-macos-arm64 | 0.4.0 | 67.00 | OK | |||
r-release-macos-x86_64 | 0.4.0 | 123.00 | OK | |||
r-release-windows-x86_64 | 0.4.0 | 54.00 | 207.00 | 261.00 | OK | |
r-oldrel-macos-arm64 | 0.4.0 | 60.00 | OK | |||
r-oldrel-macos-x86_64 | 0.4.0 | 74.00 | OK | |||
r-oldrel-windows-x86_64 | 0.4.0 | 56.00 | 112.00 | 168.00 | OK |
Version: 0.4.0
Check: Rd files
Result: NOTE
checkRd: (-1) backup.Rd:14: Lost braces in \itemize; meant \describe ?
checkRd: (-1) backup.Rd:15: Lost braces in \itemize; meant \describe ?
checkRd: (-1) backup.Rd:16: Lost braces in \itemize; meant \describe ?
checkRd: (-1) backup.Rd:18: Lost braces in \itemize; meant \describe ?
checkRd: (-1) backup.Rd:19: Lost braces in \itemize; meant \describe ?
checkRd: (-1) backup.Rd:20: Lost braces in \itemize; meant \describe ?
checkRd: (-1) backup.Rd:21: Lost braces in \itemize; meant \describe ?
checkRd: (-1) backup.Rd:23: Lost braces in \itemize; meant \describe ?
checkRd: (-1) backup.Rd:24: Lost braces in \itemize; meant \describe ?
checkRd: (-1) backup.Rd:25: Lost braces in \itemize; meant \describe ?
checkRd: (-1) backup.Rd:26: Lost braces in \itemize; meant \describe ?
checkRd: (-1) backup.Rd:32: Lost braces in \itemize; meant \describe ?
checkRd: (-1) backup.Rd:33: Lost braces in \itemize; meant \describe ?
checkRd: (-1) backup.Rd:34: Lost braces in \itemize; meant \describe ?
checkRd: (-1) backup.Rd:36: Lost braces in \itemize; meant \describe ?
checkRd: (-1) backup.Rd:37: Lost braces in \itemize; meant \describe ?
checkRd: (-1) backupstorage.Rd:19: Lost braces in \itemize; meant \describe ?
checkRd: (-1) backupstorage.Rd:20: Lost braces in \itemize; meant \describe ?
checkRd: (-1) backupstorage.Rd:21: Lost braces in \itemize; meant \describe ?
checkRd: (-1) backupstorage.Rd:23: Lost braces in \itemize; meant \describe ?
checkRd: (-1) backupstorage.Rd:24: Lost braces in \itemize; meant \describe ?
checkRd: (-1) backupstorage.Rd:25: Lost braces in \itemize; meant \describe ?
checkRd: (-1) backupstorage.Rd:26: Lost braces in \itemize; meant \describe ?
checkRd: (-1) backupstorage.Rd:28: Lost braces in \itemize; meant \describe ?
checkRd: (-1) backupstorage.Rd:29: Lost braces in \itemize; meant \describe ?
checkRd: (-1) backupstorage.Rd:30: Lost braces in \itemize; meant \describe ?
checkRd: (-1) backupstorage.Rd:31: Lost braces in \itemize; meant \describe ?
checkRd: (-1) backupstorage.Rd:37: Lost braces in \itemize; meant \describe ?
checkRd: (-1) backupstorage.Rd:38: Lost braces in \itemize; meant \describe ?
checkRd: (-1) backupstorage.Rd:39: Lost braces in \itemize; meant \describe ?
checkRd: (-1) backupstorage.Rd:41: Lost braces in \itemize; meant \describe ?
checkRd: (-1) backupstorage.Rd:42: Lost braces in \itemize; meant \describe ?
checkRd: (-1) dlm.Rd:14: Lost braces in \itemize; meant \describe ?
checkRd: (-1) dlm.Rd:15: Lost braces in \itemize; meant \describe ?
checkRd: (-1) dlm.Rd:16: Lost braces in \itemize; meant \describe ?
checkRd: (-1) dlm.Rd:18: Lost braces in \itemize; meant \describe ?
checkRd: (-1) dlm.Rd:19: Lost braces in \itemize; meant \describe ?
checkRd: (-1) dlm.Rd:20: Lost braces in \itemize; meant \describe ?
checkRd: (-1) dlm.Rd:21: Lost braces in \itemize; meant \describe ?
checkRd: (-1) dlm.Rd:23: Lost braces in \itemize; meant \describe ?
checkRd: (-1) dlm.Rd:24: Lost braces in \itemize; meant \describe ?
checkRd: (-1) dlm.Rd:25: Lost braces in \itemize; meant \describe ?
checkRd: (-1) dlm.Rd:26: Lost braces in \itemize; meant \describe ?
checkRd: (-1) dlm.Rd:32: Lost braces in \itemize; meant \describe ?
checkRd: (-1) dlm.Rd:33: Lost braces in \itemize; meant \describe ?
checkRd: (-1) dlm.Rd:34: Lost braces in \itemize; meant \describe ?
checkRd: (-1) dlm.Rd:36: Lost braces in \itemize; meant \describe ?
checkRd: (-1) dlm.Rd:37: Lost braces in \itemize; meant \describe ?
checkRd: (-1) ebs.Rd:14: Lost braces in \itemize; meant \describe ?
checkRd: (-1) ebs.Rd:15: Lost braces in \itemize; meant \describe ?
checkRd: (-1) ebs.Rd:16: Lost braces in \itemize; meant \describe ?
checkRd: (-1) ebs.Rd:18: Lost braces in \itemize; meant \describe ?
checkRd: (-1) ebs.Rd:19: Lost braces in \itemize; meant \describe ?
checkRd: (-1) ebs.Rd:20: Lost braces in \itemize; meant \describe ?
checkRd: (-1) ebs.Rd:21: Lost braces in \itemize; meant \describe ?
checkRd: (-1) ebs.Rd:23: Lost braces in \itemize; meant \describe ?
checkRd: (-1) ebs.Rd:24: Lost braces in \itemize; meant \describe ?
checkRd: (-1) ebs.Rd:25: Lost braces in \itemize; meant \describe ?
checkRd: (-1) ebs.Rd:26: Lost braces in \itemize; meant \describe ?
checkRd: (-1) ebs.Rd:32: Lost braces in \itemize; meant \describe ?
checkRd: (-1) ebs.Rd:33: Lost braces in \itemize; meant \describe ?
checkRd: (-1) ebs.Rd:34: Lost braces in \itemize; meant \describe ?
checkRd: (-1) ebs.Rd:36: Lost braces in \itemize; meant \describe ?
checkRd: (-1) ebs.Rd:37: Lost braces in \itemize; meant \describe ?
checkRd: (-1) efs.Rd:14: Lost braces in \itemize; meant \describe ?
checkRd: (-1) efs.Rd:15: Lost braces in \itemize; meant \describe ?
checkRd: (-1) efs.Rd:16: Lost braces in \itemize; meant \describe ?
checkRd: (-1) efs.Rd:18: Lost braces in \itemize; meant \describe ?
checkRd: (-1) efs.Rd:19: Lost braces in \itemize; meant \describe ?
checkRd: (-1) efs.Rd:20: Lost braces in \itemize; meant \describe ?
checkRd: (-1) efs.Rd:21: Lost braces in \itemize; meant \describe ?
checkRd: (-1) efs.Rd:23: Lost braces in \itemize; meant \describe ?
checkRd: (-1) efs.Rd:24: Lost braces in \itemize; meant \describe ?
checkRd: (-1) efs.Rd:25: Lost braces in \itemize; meant \describe ?
checkRd: (-1) efs.Rd:26: Lost braces in \itemize; meant \describe ?
checkRd: (-1) efs.Rd:32: Lost braces in \itemize; meant \describe ?
checkRd: (-1) efs.Rd:33: Lost braces in \itemize; meant \describe ?
checkRd: (-1) efs.Rd:34: Lost braces in \itemize; meant \describe ?
checkRd: (-1) efs.Rd:36: Lost braces in \itemize; meant \describe ?
checkRd: (-1) efs.Rd:37: Lost braces in \itemize; meant \describe ?
checkRd: (-1) finspacedata.Rd:19: Lost braces in \itemize; meant \describe ?
checkRd: (-1) finspacedata.Rd:20: Lost braces in \itemize; meant \describe ?
checkRd: (-1) finspacedata.Rd:21: Lost braces in \itemize; meant \describe ?
checkRd: (-1) finspacedata.Rd:23: Lost braces in \itemize; meant \describe ?
checkRd: (-1) finspacedata.Rd:24: Lost braces in \itemize; meant \describe ?
checkRd: (-1) finspacedata.Rd:25: Lost braces in \itemize; meant \describe ?
checkRd: (-1) finspacedata.Rd:26: Lost braces in \itemize; meant \describe ?
checkRd: (-1) finspacedata.Rd:28: Lost braces in \itemize; meant \describe ?
checkRd: (-1) finspacedata.Rd:29: Lost braces in \itemize; meant \describe ?
checkRd: (-1) finspacedata.Rd:30: Lost braces in \itemize; meant \describe ?
checkRd: (-1) finspacedata.Rd:31: Lost braces in \itemize; meant \describe ?
checkRd: (-1) finspacedata.Rd:37: Lost braces in \itemize; meant \describe ?
checkRd: (-1) finspacedata.Rd:38: Lost braces in \itemize; meant \describe ?
checkRd: (-1) finspacedata.Rd:39: Lost braces in \itemize; meant \describe ?
checkRd: (-1) finspacedata.Rd:41: Lost braces in \itemize; meant \describe ?
checkRd: (-1) finspacedata.Rd:42: Lost braces in \itemize; meant \describe ?
checkRd: (-1) fsx.Rd:14: Lost braces in \itemize; meant \describe ?
checkRd: (-1) fsx.Rd:15: Lost braces in \itemize; meant \describe ?
checkRd: (-1) fsx.Rd:16: Lost braces in \itemize; meant \describe ?
checkRd: (-1) fsx.Rd:18: Lost braces in \itemize; meant \describe ?
checkRd: (-1) fsx.Rd:19: Lost braces in \itemize; meant \describe ?
checkRd: (-1) fsx.Rd:20: Lost braces in \itemize; meant \describe ?
checkRd: (-1) fsx.Rd:21: Lost braces in \itemize; meant \describe ?
checkRd: (-1) fsx.Rd:23: Lost braces in \itemize; meant \describe ?
checkRd: (-1) fsx.Rd:24: Lost braces in \itemize; meant \describe ?
checkRd: (-1) fsx.Rd:25: Lost braces in \itemize; meant \describe ?
checkRd: (-1) fsx.Rd:26: Lost braces in \itemize; meant \describe ?
checkRd: (-1) fsx.Rd:32: Lost braces in \itemize; meant \describe ?
checkRd: (-1) fsx.Rd:33: Lost braces in \itemize; meant \describe ?
checkRd: (-1) fsx.Rd:34: Lost braces in \itemize; meant \describe ?
checkRd: (-1) fsx.Rd:36: Lost braces in \itemize; meant \describe ?
checkRd: (-1) fsx.Rd:37: Lost braces in \itemize; meant \describe ?
checkRd: (-1) glacier.Rd:14: Lost braces in \itemize; meant \describe ?
checkRd: (-1) glacier.Rd:15: Lost braces in \itemize; meant \describe ?
checkRd: (-1) glacier.Rd:16: Lost braces in \itemize; meant \describe ?
checkRd: (-1) glacier.Rd:18: Lost braces in \itemize; meant \describe ?
checkRd: (-1) glacier.Rd:19: Lost braces in \itemize; meant \describe ?
checkRd: (-1) glacier.Rd:20: Lost braces in \itemize; meant \describe ?
checkRd: (-1) glacier.Rd:21: Lost braces in \itemize; meant \describe ?
checkRd: (-1) glacier.Rd:23: Lost braces in \itemize; meant \describe ?
checkRd: (-1) glacier.Rd:24: Lost braces in \itemize; meant \describe ?
checkRd: (-1) glacier.Rd:25: Lost braces in \itemize; meant \describe ?
checkRd: (-1) glacier.Rd:26: Lost braces in \itemize; meant \describe ?
checkRd: (-1) glacier.Rd:32: Lost braces in \itemize; meant \describe ?
checkRd: (-1) glacier.Rd:33: Lost braces in \itemize; meant \describe ?
checkRd: (-1) glacier.Rd:34: Lost braces in \itemize; meant \describe ?
checkRd: (-1) glacier.Rd:36: Lost braces in \itemize; meant \describe ?
checkRd: (-1) glacier.Rd:37: Lost braces in \itemize; meant \describe ?
checkRd: (-1) recyclebin.Rd:19: Lost braces in \itemize; meant \describe ?
checkRd: (-1) recyclebin.Rd:20: Lost braces in \itemize; meant \describe ?
checkRd: (-1) recyclebin.Rd:21: Lost braces in \itemize; meant \describe ?
checkRd: (-1) recyclebin.Rd:23: Lost braces in \itemize; meant \describe ?
checkRd: (-1) recyclebin.Rd:24: Lost braces in \itemize; meant \describe ?
checkRd: (-1) recyclebin.Rd:25: Lost braces in \itemize; meant \describe ?
checkRd: (-1) recyclebin.Rd:26: Lost braces in \itemize; meant \describe ?
checkRd: (-1) recyclebin.Rd:28: Lost braces in \itemize; meant \describe ?
checkRd: (-1) recyclebin.Rd:29: Lost braces in \itemize; meant \describe ?
checkRd: (-1) recyclebin.Rd:30: Lost braces in \itemize; meant \describe ?
checkRd: (-1) recyclebin.Rd:31: Lost braces in \itemize; meant \describe ?
checkRd: (-1) recyclebin.Rd:37: Lost braces in \itemize; meant \describe ?
checkRd: (-1) recyclebin.Rd:38: Lost braces in \itemize; meant \describe ?
checkRd: (-1) recyclebin.Rd:39: Lost braces in \itemize; meant \describe ?
checkRd: (-1) recyclebin.Rd:41: Lost braces in \itemize; meant \describe ?
checkRd: (-1) recyclebin.Rd:42: Lost braces in \itemize; meant \describe ?
checkRd: (-1) s3.Rd:14: Lost braces in \itemize; meant \describe ?
checkRd: (-1) s3.Rd:15: Lost braces in \itemize; meant \describe ?
checkRd: (-1) s3.Rd:16: Lost braces in \itemize; meant \describe ?
checkRd: (-1) s3.Rd:18: Lost braces in \itemize; meant \describe ?
checkRd: (-1) s3.Rd:19: Lost braces in \itemize; meant \describe ?
checkRd: (-1) s3.Rd:20: Lost braces in \itemize; meant \describe ?
checkRd: (-1) s3.Rd:21: Lost braces in \itemize; meant \describe ?
checkRd: (-1) s3.Rd:23: Lost braces in \itemize; meant \describe ?
checkRd: (-1) s3.Rd:24: Lost braces in \itemize; meant \describe ?
checkRd: (-1) s3.Rd:25: Lost braces in \itemize; meant \describe ?
checkRd: (-1) s3.Rd:26: Lost braces in \itemize; meant \describe ?
checkRd: (-1) s3.Rd:32: Lost braces in \itemize; meant \describe ?
checkRd: (-1) s3.Rd:33: Lost braces in \itemize; meant \describe ?
checkRd: (-1) s3.Rd:34: Lost braces in \itemize; meant \describe ?
checkRd: (-1) s3.Rd:36: Lost braces in \itemize; meant \describe ?
checkRd: (-1) s3.Rd:37: Lost braces in \itemize; meant \describe ?
checkRd: (-1) s3control.Rd:19: Lost braces in \itemize; meant \describe ?
checkRd: (-1) s3control.Rd:20: Lost braces in \itemize; meant \describe ?
checkRd: (-1) s3control.Rd:21: Lost braces in \itemize; meant \describe ?
checkRd: (-1) s3control.Rd:23: Lost braces in \itemize; meant \describe ?
checkRd: (-1) s3control.Rd:24: Lost braces in \itemize; meant \describe ?
checkRd: (-1) s3control.Rd:25: Lost braces in \itemize; meant \describe ?
checkRd: (-1) s3control.Rd:26: Lost braces in \itemize; meant \describe ?
checkRd: (-1) s3control.Rd:28: Lost braces in \itemize; meant \describe ?
checkRd: (-1) s3control.Rd:29: Lost braces in \itemize; meant \describe ?
checkRd: (-1) s3control.Rd:30: Lost braces in \itemize; meant \describe ?
checkRd: (-1) s3control.Rd:31: Lost braces in \itemize; meant \describe ?
checkRd: (-1) s3control.Rd:37: Lost braces in \itemize; meant \describe ?
checkRd: (-1) s3control.Rd:38: Lost braces in \itemize; meant \describe ?
checkRd: (-1) s3control.Rd:39: Lost braces in \itemize; meant \describe ?
checkRd: (-1) s3control.Rd:41: Lost braces in \itemize; meant \describe ?
checkRd: (-1) s3control.Rd:42: Lost braces in \itemize; meant \describe ?
checkRd: (-1) s3outposts.Rd:19: Lost braces in \itemize; meant \describe ?
checkRd: (-1) s3outposts.Rd:20: Lost braces in \itemize; meant \describe ?
checkRd: (-1) s3outposts.Rd:21: Lost braces in \itemize; meant \describe ?
checkRd: (-1) s3outposts.Rd:23: Lost braces in \itemize; meant \describe ?
checkRd: (-1) s3outposts.Rd:24: Lost braces in \itemize; meant \describe ?
checkRd: (-1) s3outposts.Rd:25: Lost braces in \itemize; meant \describe ?
checkRd: (-1) s3outposts.Rd:26: Lost braces in \itemize; meant \describe ?
checkRd: (-1) s3outposts.Rd:28: Lost braces in \itemize; meant \describe ?
checkRd: (-1) s3outposts.Rd:29: Lost braces in \itemize; meant \describe ?
checkRd: (-1) s3outposts.Rd:30: Lost braces in \itemize; meant \describe ?
checkRd: (-1) s3outposts.Rd:31: Lost braces in \itemize; meant \describe ?
checkRd: (-1) s3outposts.Rd:37: Lost braces in \itemize; meant \describe ?
checkRd: (-1) s3outposts.Rd:38: Lost braces in \itemize; meant \describe ?
checkRd: (-1) s3outposts.Rd:39: Lost braces in \itemize; meant \describe ?
checkRd: (-1) s3outposts.Rd:41: Lost braces in \itemize; meant \describe ?
checkRd: (-1) s3outposts.Rd:42: Lost braces in \itemize; meant \describe ?
checkRd: (-1) storagegateway.Rd:19: Lost braces in \itemize; meant \describe ?
checkRd: (-1) storagegateway.Rd:20: Lost braces in \itemize; meant \describe ?
checkRd: (-1) storagegateway.Rd:21: Lost braces in \itemize; meant \describe ?
checkRd: (-1) storagegateway.Rd:23: Lost braces in \itemize; meant \describe ?
checkRd: (-1) storagegateway.Rd:24: Lost braces in \itemize; meant \describe ?
checkRd: (-1) storagegateway.Rd:25: Lost braces in \itemize; meant \describe ?
checkRd: (-1) storagegateway.Rd:26: Lost braces in \itemize; meant \describe ?
checkRd: (-1) storagegateway.Rd:28: Lost braces in \itemize; meant \describe ?
checkRd: (-1) storagegateway.Rd:29: Lost braces in \itemize; meant \describe ?
checkRd: (-1) storagegateway.Rd:30: Lost braces in \itemize; meant \describe ?
checkRd: (-1) storagegateway.Rd:31: Lost braces in \itemize; meant \describe ?
checkRd: (-1) storagegateway.Rd:37: Lost braces in \itemize; meant \describe ?
checkRd: (-1) storagegateway.Rd:38: Lost braces in \itemize; meant \describe ?
checkRd: (-1) storagegateway.Rd:39: Lost braces in \itemize; meant \describe ?
checkRd: (-1) storagegateway.Rd:41: Lost braces in \itemize; meant \describe ?
checkRd: (-1) storagegateway.Rd:42: Lost braces in \itemize; meant \describe ?
Flavors: r-devel-linux-x86_64-debian-clang, r-devel-linux-x86_64-debian-gcc