CRAN Package Check Results for Package pbixr

Last updated on 2023-06-07 17:55:45 CEST.

Flavor Version Tinstall Tcheck Ttotal Status Flags
r-devel-linux-x86_64-debian-clang 0.1.4 6.21 57.48 63.69 NOTE
r-devel-linux-x86_64-debian-gcc 0.1.4 4.50 43.61 48.11 NOTE
r-devel-linux-x86_64-fedora-clang 0.1.4 77.40 NOTE
r-devel-linux-x86_64-fedora-gcc 0.1.4 85.80 NOTE
r-devel-windows-x86_64 0.1.4 6.00 67.00 73.00 NOTE
r-patched-linux-x86_64 0.1.4 5.25 52.84 58.09 NOTE
r-release-linux-x86_64 0.1.4 5.44 53.71 59.15 NOTE
r-release-macos-arm64 0.1.4 36.00 NOTE
r-release-macos-x86_64 0.1.4 57.00 NOTE
r-release-windows-x86_64 0.1.4 9.00 71.00 80.00 NOTE
r-oldrel-macos-arm64 0.1.4 29.00 NOTE
r-oldrel-macos-x86_64 0.1.4 49.00 NOTE
r-oldrel-windows-x86_64 0.1.4 9.00 75.00 84.00 NOTE

Check Details

Version: 0.1.4
Check: LazyData
Result: NOTE
     'LazyData' is specified without a 'data' directory
Flavors: r-devel-linux-x86_64-debian-clang, r-devel-linux-x86_64-debian-gcc, r-devel-linux-x86_64-fedora-clang, r-devel-linux-x86_64-fedora-gcc, r-devel-windows-x86_64, r-patched-linux-x86_64, r-release-linux-x86_64, r-release-macos-arm64, r-release-macos-x86_64, r-release-windows-x86_64, r-oldrel-macos-arm64, r-oldrel-macos-x86_64, r-oldrel-windows-x86_64