Last updated on 2024-03-28 15:49:55 CET.
Flavor | Version | Tinstall | Tcheck | Ttotal | Status | Flags |
---|---|---|---|---|---|---|
r-devel-linux-x86_64-debian-clang | 1.3.5 | 3.54 | 37.98 | 41.52 | OK | |
r-devel-linux-x86_64-debian-gcc | 1.3.5 | 2.56 | 30.14 | 32.70 | OK | |
r-devel-linux-x86_64-fedora-clang | 1.3.5 | 52.73 | OK | |||
r-devel-linux-x86_64-fedora-gcc | 1.3.5 | 68.69 | OK | |||
r-devel-windows-x86_64 | 1.3.5 | 5.00 | 50.00 | 55.00 | OK | |
r-patched-linux-x86_64 | 1.3.5 | 3.71 | 37.13 | 40.84 | OK | |
r-release-linux-x86_64 | 1.3.5 | 3.58 | 36.20 | 39.78 | OK | |
r-release-macos-arm64 | 1.3.5 | 28.00 | OK | |||
r-release-macos-x86_64 | 1.3.5 | 38.00 | NOTE | |||
r-release-windows-x86_64 | 1.3.5 | 5.00 | 53.00 | 58.00 | OK | |
r-oldrel-macos-arm64 | 1.3.5 | 51.00 | OK | |||
r-oldrel-windows-x86_64 | 1.3.5 | 5.00 | 57.00 | 62.00 | OK |
Version: 1.3.5
Check: package dependencies
Result: NOTE
Package suggested but not available for checking: ‘PerformanceAnalytics’
Flavor: r-release-macos-x86_64