Last updated on 2023-09-21 17:55:51 CEST.
Flavor | Version | Tinstall | Tcheck | Ttotal | Status | Flags |
---|---|---|---|---|---|---|
r-devel-linux-x86_64-debian-clang | 1.3.5 | 3.25 | 36.81 | 40.06 | OK | |
r-devel-linux-x86_64-debian-gcc | 1.3.5 | 2.76 | 28.81 | 31.57 | OK | |
r-devel-linux-x86_64-fedora-clang | 1.3.5 | 50.59 | OK | |||
r-devel-linux-x86_64-fedora-gcc | 1.3.5 | 66.01 | OK | |||
r-devel-windows-x86_64 | 1.3.5 | 5.00 | 50.00 | 55.00 | OK | |
r-patched-linux-x86_64 | 1.3.5 | 3.42 | 35.62 | 39.04 | OK | |
r-release-linux-x86_64 | 1.3.5 | 2.55 | 36.26 | 38.81 | OK | |
r-release-macos-arm64 | 1.3.5 | 28.00 | OK | |||
r-release-macos-x86_64 | 1.3.5 | 38.00 | NOTE | |||
r-release-windows-x86_64 | 1.3.5 | 6.00 | 51.00 | 57.00 | OK | |
r-oldrel-macos-arm64 | 1.3.5 | 51.00 | OK | |||
r-oldrel-macos-x86_64 | 1.3.5 | 29.00 | OK | |||
r-oldrel-windows-x86_64 | 1.3.5 | 6.00 | 58.00 | 64.00 | OK |
Version: 1.3.5
Check: package dependencies
Result: NOTE
Package suggested but not available for checking: ‘PerformanceAnalytics’
Flavor: r-release-macos-x86_64