Last updated on 2023-11-30 16:49:32 CET.
Flavor | Version | Tinstall | Tcheck | Ttotal | Status | Flags |
---|---|---|---|---|---|---|
r-devel-linux-x86_64-debian-clang | 2.0-3 | 20.45 | 49.20 | 69.65 | WARN | |
r-devel-linux-x86_64-debian-gcc | 2.0-3 | 14.87 | 38.67 | 53.54 | NOTE | |
r-devel-linux-x86_64-fedora-clang | 2.0-3 | 89.75 | WARN | |||
r-devel-linux-x86_64-fedora-gcc | 2.0-3 | 102.38 | OK | |||
r-devel-windows-x86_64 | 2.0-3 | 21.00 | 77.00 | 98.00 | OK | |
r-patched-linux-x86_64 | 2.0-3 | 19.67 | 49.30 | 68.97 | OK | |
r-release-linux-x86_64 | 2.0-3 | 17.90 | 48.96 | 66.86 | OK | |
r-release-macos-arm64 | 2.0-3 | 44.00 | OK | |||
r-release-macos-x86_64 | 2.0-3 | 67.00 | NOTE | |||
r-release-windows-x86_64 | 2.0-3 | 22.00 | 77.00 | 99.00 | OK | |
r-oldrel-macos-arm64 | 2.0-3 | 46.00 | OK | |||
r-oldrel-macos-x86_64 | 2.0-3 | 109.00 | OK | |||
r-oldrel-windows-x86_64 | 2.0-3 | 23.00 | 79.00 | 102.00 | OK |
Version: 2.0-3
Check: whether package can be installed
Result: WARN
Found the following significant warnings:
R_meal.cpp:144:15: warning: format string is not a string literal (potentially insecure) [-Wformat-security]
R_meal.cpp:149:13: warning: format string is not a string literal (potentially insecure) [-Wformat-security]
See ‘/home/hornik/tmp/R.check/r-devel-clang/Work/PKGS/pcaPP.Rcheck/00install.out’ for details.
* used C compiler: ‘Debian clang version 17.0.5 (1)’
* used C++ compiler: ‘Debian clang version 17.0.5 (1)’
Flavor: r-devel-linux-x86_64-debian-clang
Version: 2.0-3
Check: Rd files
Result: NOTE
checkRd: (-1) PCAproj.Rd:50-52: Lost braces in \itemize; meant \describe ?
checkRd: (-1) PCAproj.Rd:53-56: Lost braces in \itemize; meant \describe ?
checkRd: (-1) PCAproj.Rd:57-62: Lost braces in \itemize; meant \describe ?
Flavors: r-devel-linux-x86_64-debian-clang, r-devel-linux-x86_64-debian-gcc
Version: 2.0-3
Check: whether package can be installed
Result: WARN
Found the following significant warnings:
R_meal.cpp:144:15: warning: format string is not a string literal (potentially insecure) [-Wformat-security]
R_meal.cpp:149:13: warning: format string is not a string literal (potentially insecure) [-Wformat-security]
See ‘/data/gannet/ripley/R/packages/tests-clang/pcaPP.Rcheck/00install.out’ for details.
* used C compiler: ‘clang version 17.0.5’
* used C++ compiler: ‘clang version 17.0.5’
Flavor: r-devel-linux-x86_64-fedora-clang
Version: 2.0-3
Check: package dependencies
Result: NOTE
Package suggested but not available for checking: ‘robustbase’
Flavor: r-release-macos-x86_64
Version: 2.0-3
Check: Rd cross-references
Result: NOTE
Package unavailable to check Rd xrefs: ‘robustbase’
Flavor: r-release-macos-x86_64