CRAN Package Check Results for Package pcadapt

Last updated on 2023-06-05 16:55:02 CEST.

Flavor Version Tinstall Tcheck Ttotal Status Flags
r-devel-linux-x86_64-debian-clang 4.3.3 95.28 57.03 152.31 NOTE
r-devel-linux-x86_64-debian-gcc 4.3.3 73.00 43.03 116.03 NOTE
r-devel-linux-x86_64-fedora-clang 4.3.3 234.53 NOTE
r-devel-linux-x86_64-fedora-gcc 4.3.3 212.52 NOTE
r-devel-windows-x86_64 4.3.3 104.00 79.00 183.00 NOTE
r-patched-linux-x86_64 4.3.3 78.94 52.69 131.63 NOTE
r-release-linux-x86_64 4.3.3 77.92 52.55 130.47 NOTE
r-release-macos-arm64 4.3.3 55.00 NOTE
r-release-macos-x86_64 4.3.3 99.00 NOTE
r-release-windows-x86_64 4.3.3 123.00 95.00 218.00 NOTE
r-oldrel-macos-arm64 4.3.3 57.00 NOTE
r-oldrel-macos-x86_64 4.3.3 95.00 NOTE
r-oldrel-windows-x86_64 4.3.3 121.00 96.00 217.00 NOTE

Check Details

Version: 4.3.3
Check: C++ specification
Result: NOTE
     Specified C++11: please drop specification unless essential
Flavors: r-devel-linux-x86_64-debian-clang, r-devel-linux-x86_64-debian-gcc, r-devel-linux-x86_64-fedora-clang, r-devel-linux-x86_64-fedora-gcc, r-devel-windows-x86_64, r-patched-linux-x86_64, r-release-linux-x86_64, r-release-macos-arm64, r-release-macos-x86_64, r-release-windows-x86_64

Version: 4.3.3
Check: package subdirectories
Result: NOTE
    Problems with news in ‘NEWS.md’:
    No news entries found.
Flavors: r-devel-linux-x86_64-debian-clang, r-devel-linux-x86_64-debian-gcc, r-devel-linux-x86_64-fedora-clang, r-devel-linux-x86_64-fedora-gcc, r-devel-windows-x86_64, r-patched-linux-x86_64, r-release-linux-x86_64, r-release-macos-arm64, r-release-macos-x86_64, r-release-windows-x86_64

Version: 4.3.3
Check: LazyData
Result: NOTE
     'LazyData' is specified without a 'data' directory
Flavors: r-devel-linux-x86_64-debian-clang, r-devel-linux-x86_64-debian-gcc, r-devel-linux-x86_64-fedora-clang, r-devel-linux-x86_64-fedora-gcc, r-devel-windows-x86_64, r-patched-linux-x86_64, r-release-linux-x86_64, r-release-macos-arm64, r-release-macos-x86_64, r-release-windows-x86_64, r-oldrel-macos-arm64, r-oldrel-macos-x86_64, r-oldrel-windows-x86_64

Version: 4.3.3
Check: installed package size
Result: NOTE
     installed size is 6.0Mb
     sub-directories of 1Mb or more:
     extdata 2.7Mb
     libs 2.6Mb
Flavors: r-release-macos-arm64, r-release-macos-x86_64, r-oldrel-macos-arm64, r-oldrel-macos-x86_64