CRAN Package Check Results for Package pcadapt

Last updated on 2024-02-22 00:58:37 CET.

Flavor Version Tinstall Tcheck Ttotal Status Flags
r-devel-linux-x86_64-debian-clang 4.3.5 OK
r-devel-linux-x86_64-debian-gcc 4.3.5 81.77 42.78 124.55 OK
r-devel-linux-x86_64-fedora-clang 4.3.5 242.53 OK
r-devel-linux-x86_64-fedora-gcc 4.3.5 228.34 OK
r-devel-windows-x86_64 4.3.5 106.00 81.00 187.00 OK
r-patched-linux-x86_64 4.3.5 103.29 54.26 157.55 OK
r-release-linux-x86_64 4.3.5 98.40 54.39 152.79 OK
r-release-macos-arm64 4.3.5 51.00 NOTE
r-release-macos-x86_64 4.3.5 70.00 NOTE
r-release-windows-x86_64 4.3.5 131.00 103.00 234.00 OK
r-oldrel-macos-arm64 4.3.5 50.00 NOTE
r-oldrel-windows-x86_64 4.3.5 127.00 98.00 225.00 OK

Check Details

Version: 4.3.5
Check: installed package size
Result: NOTE installed size is 5.9Mb sub-directories of 1Mb or more: extdata 2.7Mb libs 2.5Mb Flavors: r-release-macos-arm64, r-release-macos-x86_64, r-oldrel-macos-arm64