Last updated on 2023-05-28 22:00:18 CEST.
Flavor | Version | Tinstall | Tcheck | Ttotal | Status | Flags |
---|---|---|---|---|---|---|
r-devel-linux-x86_64-debian-clang | 1.0.0 | 64.31 | 30.23 | 94.54 | OK | |
r-devel-linux-x86_64-debian-gcc | 1.0.0 | 52.74 | 27.45 | 80.19 | OK | |
r-devel-linux-x86_64-fedora-clang | 1.0.0 | 117.32 | OK | |||
r-devel-linux-x86_64-fedora-gcc | 1.0.0 | 138.59 | OK | |||
r-devel-windows-x86_64 | 1.0.0 | 46.00 | 65.00 | 111.00 | OK | |
r-patched-linux-x86_64 | 1.0.0 | 56.79 | 34.60 | 91.39 | OK | |
r-release-linux-x86_64 | 1.0.0 | 54.14 | 33.95 | 88.09 | OK | |
r-release-macos-arm64 | 1.0.0 | 42.00 | NOTE | |||
r-release-macos-x86_64 | 1.0.0 | 59.00 | NOTE | |||
r-release-windows-x86_64 | 1.0.0 | 60.00 | 74.00 | 134.00 | OK | |
r-oldrel-macos-arm64 | 1.0.0 | 39.00 | NOTE | |||
r-oldrel-macos-x86_64 | 1.0.0 | 48.00 | NOTE | |||
r-oldrel-windows-x86_64 | 1.0.0 | 56.00 | 73.00 | 129.00 | OK |
Version: 1.0.0
Check: installed package size
Result: NOTE
installed size is 24.6Mb
sub-directories of 1Mb or more:
libs 24.5Mb
Flavors: r-release-macos-arm64, r-release-macos-x86_64, r-oldrel-macos-arm64, r-oldrel-macos-x86_64