Last updated on 2023-12-09 00:52:47 CET.
Flavor | Version | Tinstall | Tcheck | Ttotal | Status | Flags |
---|---|---|---|---|---|---|
r-devel-linux-x86_64-debian-clang | 1.0.0 | 66.04 | 31.69 | 97.73 | OK | |
r-devel-linux-x86_64-debian-gcc | 1.0.0 | 44.30 | 27.55 | 71.85 | OK | |
r-devel-linux-x86_64-fedora-clang | 1.0.0 | 117.72 | OK | |||
r-devel-linux-x86_64-fedora-gcc | 1.0.0 | 142.00 | OK | |||
r-devel-windows-x86_64 | 1.0.0 | 46.00 | 67.00 | 113.00 | OK | |
r-patched-linux-x86_64 | 1.0.0 | 55.41 | 34.84 | 90.25 | OK | |
r-release-linux-x86_64 | 1.0.0 | 55.71 | 34.65 | 90.36 | OK | |
r-release-macos-arm64 | 1.0.0 | 42.00 | NOTE | |||
r-release-macos-x86_64 | 1.0.0 | 59.00 | NOTE | |||
r-release-windows-x86_64 | 1.0.0 | 58.00 | 74.00 | 132.00 | OK | |
r-oldrel-macos-arm64 | 1.0.0 | 39.00 | NOTE | |||
r-oldrel-macos-x86_64 | 1.0.0 | 48.00 | NOTE | |||
r-oldrel-windows-x86_64 | 1.0.0 | 54.00 | 71.00 | 125.00 | OK |
Version: 1.0.0
Check: installed package size
Result: NOTE
installed size is 24.6Mb
sub-directories of 1Mb or more:
libs 24.5Mb
Flavors: r-release-macos-arm64, r-release-macos-x86_64, r-oldrel-macos-arm64, r-oldrel-macos-x86_64