Last updated on 2024-04-20 08:51:04 CEST.
Flavor | Version | Tinstall | Tcheck | Ttotal | Status | Flags |
---|---|---|---|---|---|---|
r-devel-linux-x86_64-debian-clang | 1.0.5 | 53.89 | 69.50 | 123.39 | NOTE | |
r-devel-linux-x86_64-debian-gcc | 1.0.5 | 43.79 | 52.40 | 96.19 | NOTE | |
r-devel-linux-x86_64-fedora-clang | 1.0.5 | 164.30 | NOTE | |||
r-devel-linux-x86_64-fedora-gcc | 1.0.5 | 174.73 | NOTE | |||
r-prerel-macos-arm64 | 1.0.5 | 53.00 | NOTE | |||
r-prerel-windows-x86_64 | 1.0.5 | 41.00 | 93.00 | 134.00 | NOTE | |
r-patched-linux-x86_64 | 1.0.5 | 50.08 | 65.44 | 115.52 | NOTE | |
r-release-linux-x86_64 | 1.0.5 | 50.19 | 63.57 | 113.76 | NOTE | |
r-release-macos-arm64 | 1.0.5 | 65.00 | NOTE | |||
r-release-macos-x86_64 | 1.0.5 | 90.00 | NOTE | |||
r-release-windows-x86_64 | 1.0.5 | 56.00 | 105.00 | 161.00 | NOTE | |
r-oldrel-macos-arm64 | 1.0.5 | 53.00 | OK | |||
r-oldrel-windows-x86_64 | 1.0.5 | 47.00 | 108.00 | 155.00 | OK |
Version: 1.0.5
Check: C++ specification
Result: NOTE
Specified C++11: please drop specification unless essential
Flavors: r-devel-linux-x86_64-debian-clang, r-devel-linux-x86_64-debian-gcc, r-devel-linux-x86_64-fedora-clang, r-devel-linux-x86_64-fedora-gcc, r-prerel-macos-arm64, r-prerel-windows-x86_64, r-patched-linux-x86_64, r-release-linux-x86_64, r-release-macos-arm64, r-release-macos-x86_64, r-release-windows-x86_64