Last updated on 2024-04-27 08:48:35 CEST.
Flavor | Version | Tinstall | Tcheck | Ttotal | Status | Flags |
---|---|---|---|---|---|---|
r-devel-linux-x86_64-debian-clang | 1.1.0 | 2.98 | 28.88 | 31.86 | NOTE | |
r-devel-linux-x86_64-debian-gcc | 1.1.0 | 2.18 | 22.88 | 25.06 | NOTE | |
r-devel-linux-x86_64-fedora-clang | 1.1.0 | 40.69 | NOTE | |||
r-devel-linux-x86_64-fedora-gcc | 1.1.0 | 38.54 | NOTE | |||
r-devel-windows-x86_64 | 1.1.0 | 3.00 | 46.00 | 49.00 | NOTE | |
r-patched-linux-x86_64 | 1.1.0 | 2.33 | 28.31 | 30.64 | NOTE | |
r-release-linux-x86_64 | 1.1.0 | 2.63 | 28.04 | 30.67 | OK | |
r-release-macos-arm64 | 1.1.0 | 15.00 | NOTE | |||
r-release-windows-x86_64 | 1.1.0 | 4.00 | 45.00 | 49.00 | NOTE | |
r-oldrel-macos-arm64 | 1.1.0 | 18.00 | OK | |||
r-oldrel-macos-x86_64 | 1.1.0 | 38.00 | OK | |||
r-oldrel-windows-x86_64 | 1.1.0 | 3.00 | 48.00 | 51.00 | OK |
Version: 1.1.0
Check: Rd files
Result: NOTE
checkRd: (-1) pcvpcr.Rd:42: Lost braces; missing escapes or markup?
42 | set {X, y} and cross-validation.
| ^
checkRd: (-1) pcvpls.Rd:42: Lost braces; missing escapes or markup?
42 | set {X, y} and cross-validation.
| ^
Flavors: r-devel-linux-x86_64-debian-clang, r-devel-linux-x86_64-debian-gcc, r-devel-linux-x86_64-fedora-clang, r-devel-linux-x86_64-fedora-gcc, r-devel-windows-x86_64, r-patched-linux-x86_64, r-release-macos-arm64, r-release-windows-x86_64