Last updated on 2022-05-19 05:52:01 CEST.
Flavor | Version | Tinstall | Tcheck | Ttotal | Status | Flags |
---|---|---|---|---|---|---|
r-devel-linux-x86_64-debian-clang | 3.2.0 | 21.97 | 43.98 | 65.95 | OK | |
r-devel-linux-x86_64-debian-gcc | 3.2.0 | 20.69 | 34.19 | 54.88 | OK | |
r-devel-linux-x86_64-fedora-clang | 3.2.0 | 91.78 | OK | |||
r-devel-linux-x86_64-fedora-gcc | 3.2.0 | 87.51 | OK | |||
r-devel-windows-x86_64 | 3.2.0 | 123.00 | 7.00 | 130.00 | ERROR | |
r-patched-linux-x86_64 | 3.2.0 | 22.98 | 43.36 | 66.34 | OK | |
r-release-linux-x86_64 | 3.2.0 | 19.52 | 42.69 | 62.21 | OK | |
r-release-macos-arm64 | 3.2.0 | 33.00 | NOTE | |||
r-release-macos-x86_64 | 3.2.0 | 51.00 | NOTE | |||
r-release-windows-x86_64 | 3.2.0 | 217.00 | 138.00 | 355.00 | NOTE | |
r-oldrel-macos-arm64 | 3.2.0 | 23.00 | NOTE | |||
r-oldrel-macos-x86_64 | 3.2.0 | 38.00 | NOTE | |||
r-oldrel-windows-ix86+x86_64 | 3.2.0 | 78.00 | 191.00 | 269.00 | NOTE |
Version: 3.2.0
Check: whether package can be installed
Result: ERROR
Installation failed.
Flavor: r-devel-windows-x86_64
Version: 3.2.0
Check: installed package size
Result: NOTE
installed size is 41.1Mb
sub-directories of 1Mb or more:
libs 28.2Mb
share 12.8Mb
Flavors: r-release-macos-arm64, r-release-macos-x86_64, r-release-windows-x86_64, r-oldrel-macos-arm64, r-oldrel-macos-x86_64, r-oldrel-windows-ix86+x86_64
Version: 3.2.0
Check: package dependencies
Result: NOTE
Package suggested but not available for checking: ‘tesseract’
Flavor: r-release-macos-x86_64
Version: 3.2.0
Check: Rd cross-references
Result: NOTE
Package unavailable to check Rd xrefs: ‘tesseract’
Flavor: r-release-macos-x86_64