CRAN Package Check Results for Package pdftools

Last updated on 2021-11-30 08:51:04 CET.

Flavor Version Tinstall Tcheck Ttotal Status Flags
r-devel-linux-x86_64-debian-clang 3.0.1 23.52 32.71 56.23 OK
r-devel-linux-x86_64-debian-gcc 3.0.1 18.71 25.99 44.70 OK
r-devel-linux-x86_64-fedora-clang 3.0.1 88.70 OK
r-devel-linux-x86_64-fedora-gcc 3.0.1 75.25 OK
r-devel-windows-x86_64-new-UL 3.0.1 55.00 139.00 194.00 NOTE
r-devel-windows-x86_64-new-TK 3.0.1 OK
r-devel-windows-x86_64-old 3.0.1 43.00 63.00 106.00 NOTE
r-patched-linux-x86_64 3.0.1 22.11 31.27 53.38 OK
r-patched-solaris-x86 3.0.1 97.00 NOTE
r-release-linux-x86_64 3.0.1 23.26 31.56 54.82 OK
r-release-macos-arm64 3.0.1 NOTE
r-release-macos-x86_64 3.0.1 NOTE
r-release-windows-ix86+x86_64 3.0.1 71.00 91.00 162.00 NOTE
r-oldrel-macos-x86_64 3.0.1 NOTE
r-oldrel-windows-ix86+x86_64 3.0.1 53.00 115.00 168.00 NOTE

Check Details

Version: 3.0.1
Check: installed package size
Result: NOTE
     installed size is 19.6Mb
     sub-directories of 1Mb or more:
     libs 6.7Mb
     share 12.8Mb
Flavors: r-devel-windows-x86_64-new-UL, r-devel-windows-x86_64-old, r-release-macos-arm64, r-release-macos-x86_64, r-release-windows-ix86+x86_64, r-oldrel-macos-x86_64, r-oldrel-windows-ix86+x86_64

Version: 3.0.1
Check: package dependencies
Result: NOTE
    Package suggested but not available for checking: ‘tesseract’
Flavor: r-patched-solaris-x86