Last updated on 2023-06-05 16:55:02 CEST.
Flavor | Version | Tinstall | Tcheck | Ttotal | Status | Flags |
---|---|---|---|---|---|---|
r-devel-linux-x86_64-debian-clang | 0.4.2 | 5.48 | 139.76 | 145.24 | NOTE | |
r-devel-linux-x86_64-debian-gcc | 0.4.2 | 4.55 | 103.28 | 107.83 | NOTE | |
r-devel-linux-x86_64-fedora-clang | 0.4.2 | 174.34 | NOTE | |||
r-devel-linux-x86_64-fedora-gcc | 0.4.2 | 175.36 | NOTE | |||
r-devel-windows-x86_64 | 0.4.2 | 8.00 | 114.00 | 122.00 | NOTE | |
r-patched-linux-x86_64 | 0.4.2 | 4.09 | 131.31 | 135.40 | NOTE | |
r-release-linux-x86_64 | 0.4.2 | 3.83 | 128.03 | 131.86 | NOTE | |
r-release-macos-arm64 | 0.4.2 | 57.00 | NOTE | |||
r-release-macos-x86_64 | 0.4.2 | 100.00 | NOTE | |||
r-release-windows-x86_64 | 0.4.2 | 8.00 | 146.00 | 154.00 | NOTE | |
r-oldrel-macos-arm64 | 0.4.2 | 34.00 | NOTE | |||
r-oldrel-macos-x86_64 | 0.4.2 | 124.00 | NOTE | |||
r-oldrel-windows-x86_64 | 0.4.2 | 8.00 | 156.00 | 164.00 | NOTE |
Version: 0.4.2
Check: LazyData
Result: NOTE
'LazyData' is specified without a 'data' directory
Flavors: r-devel-linux-x86_64-debian-clang, r-devel-linux-x86_64-debian-gcc, r-devel-linux-x86_64-fedora-clang, r-devel-linux-x86_64-fedora-gcc, r-devel-windows-x86_64, r-patched-linux-x86_64, r-release-linux-x86_64, r-release-macos-arm64, r-release-macos-x86_64, r-release-windows-x86_64, r-oldrel-macos-arm64, r-oldrel-macos-x86_64, r-oldrel-windows-x86_64