Last updated on 2024-04-19 08:54:50 CEST.
Flavor | Version | Tinstall | Tcheck | Ttotal | Status | Flags |
---|---|---|---|---|---|---|
r-devel-linux-x86_64-debian-clang | 0.4.2 | 4.53 | 137.10 | 141.63 | NOTE | |
r-devel-linux-x86_64-debian-gcc | 0.4.2 | NOTE | ||||
r-devel-linux-x86_64-fedora-clang | 0.4.2 | 177.32 | NOTE | |||
r-devel-linux-x86_64-fedora-gcc | 0.4.2 | 177.10 | NOTE | |||
r-prerel-macos-arm64 | 0.4.2 | 54.00 | NOTE | |||
r-prerel-windows-x86_64 | 0.4.2 | 8.00 | 111.00 | 119.00 | NOTE | |
r-patched-linux-x86_64 | 0.4.2 | 6.52 | 129.43 | 135.95 | NOTE | |
r-release-linux-x86_64 | 0.4.2 | 3.54 | 131.39 | 134.93 | NOTE | |
r-release-macos-arm64 | 0.4.2 | 57.00 | NOTE | |||
r-release-macos-x86_64 | 0.4.2 | 100.00 | NOTE | |||
r-release-windows-x86_64 | 0.4.2 | 8.00 | 133.00 | 141.00 | NOTE | |
r-oldrel-macos-arm64 | 0.4.2 | 34.00 | NOTE | |||
r-oldrel-windows-x86_64 | 0.4.2 | 9.00 | 144.00 | 153.00 | NOTE |
Version: 0.4.2
Check: LazyData
Result: NOTE
'LazyData' is specified without a 'data' directory
Flavors: r-devel-linux-x86_64-debian-clang, r-devel-linux-x86_64-debian-gcc, r-devel-linux-x86_64-fedora-clang, r-devel-linux-x86_64-fedora-gcc, r-prerel-macos-arm64, r-prerel-windows-x86_64, r-patched-linux-x86_64, r-release-linux-x86_64, r-release-macos-arm64, r-release-macos-x86_64, r-release-windows-x86_64, r-oldrel-macos-arm64, r-oldrel-windows-x86_64