Last updated on 2023-12-01 00:52:05 CET.
Flavor | Version | Tinstall | Tcheck | Ttotal | Status | Flags |
---|---|---|---|---|---|---|
r-devel-linux-x86_64-debian-clang | 0.4.2 | 6.47 | 137.47 | 143.94 | NOTE | |
r-devel-linux-x86_64-debian-gcc | 0.4.2 | 3.86 | 99.97 | 103.83 | NOTE | |
r-devel-linux-x86_64-fedora-clang | 0.4.2 | 172.12 | NOTE | |||
r-devel-linux-x86_64-fedora-gcc | 0.4.2 | 176.59 | NOTE | |||
r-devel-windows-x86_64 | 0.4.2 | 6.00 | 114.00 | 120.00 | NOTE | |
r-patched-linux-x86_64 | 0.4.2 | 4.72 | 128.77 | 133.49 | NOTE | |
r-release-linux-x86_64 | 0.4.2 | 3.55 | 129.01 | 132.56 | NOTE | |
r-release-macos-arm64 | 0.4.2 | 57.00 | NOTE | |||
r-release-macos-x86_64 | 0.4.2 | 100.00 | NOTE | |||
r-release-windows-x86_64 | 0.4.2 | 7.00 | 141.00 | 148.00 | NOTE | |
r-oldrel-macos-arm64 | 0.4.2 | 34.00 | NOTE | |||
r-oldrel-macos-x86_64 | 0.4.2 | 124.00 | NOTE | |||
r-oldrel-windows-x86_64 | 0.4.2 | 7.00 | 154.00 | 161.00 | NOTE |
Version: 0.4.2
Check: LazyData
Result: NOTE
'LazyData' is specified without a 'data' directory
Flavors: r-devel-linux-x86_64-debian-clang, r-devel-linux-x86_64-debian-gcc, r-devel-linux-x86_64-fedora-clang, r-devel-linux-x86_64-fedora-gcc, r-devel-windows-x86_64, r-patched-linux-x86_64, r-release-linux-x86_64, r-release-macos-arm64, r-release-macos-x86_64, r-release-windows-x86_64, r-oldrel-macos-arm64, r-oldrel-macos-x86_64, r-oldrel-windows-x86_64