Last updated on 2024-04-19 16:58:52 CEST.
Flavor | Version | Tinstall | Tcheck | Ttotal | Status | Flags |
---|---|---|---|---|---|---|
r-devel-linux-x86_64-debian-clang | 1.2.1 | 2.63 | 22.16 | 24.79 | OK | |
r-devel-linux-x86_64-debian-gcc | 1.2.1 | OK | ||||
r-devel-linux-x86_64-fedora-clang | 1.2.1 | 32.46 | NOTE | |||
r-devel-linux-x86_64-fedora-gcc | 1.2.1 | 30.71 | NOTE | |||
r-prerel-macos-arm64 | 1.2.1 | 16.00 | OK | |||
r-prerel-windows-x86_64 | 1.2.1 | 5.00 | 41.00 | 46.00 | OK | |
r-patched-linux-x86_64 | 1.2.1 | 2.64 | 21.83 | 24.47 | OK | |
r-release-linux-x86_64 | 1.2.1 | 2.46 | 22.02 | 24.48 | OK | |
r-release-macos-arm64 | 1.2.1 | 17.00 | OK | |||
r-release-macos-x86_64 | 1.2.1 | 24.00 | OK | |||
r-release-windows-x86_64 | 1.2.1 | 5.00 | 40.00 | 45.00 | OK | |
r-oldrel-macos-arm64 | 1.2.1 | 17.00 | OK | |||
r-oldrel-windows-x86_64 | 1.2.1 | 8.00 | 49.00 | 57.00 | OK |
Version: 1.2.1
Check: compiled code
Result: NOTE
File ‘pdist/libs/pdist.so’:
Found no calls to: ‘R_registerRoutines’, ‘R_useDynamicSymbols’
It is good practice to register native routines and to disable symbol
search.
See ‘Writing portable packages’ in the ‘Writing R Extensions’ manual.
Flavors: r-devel-linux-x86_64-fedora-clang, r-devel-linux-x86_64-fedora-gcc