Last updated on 2024-03-29 15:54:45 CET.
Flavor | Version | Tinstall | Tcheck | Ttotal | Status | Flags |
---|---|---|---|---|---|---|
r-devel-linux-x86_64-debian-clang | 0.4.0 | 3.46 | 78.76 | 82.22 | NOTE | |
r-devel-linux-x86_64-debian-gcc | 0.4.0 | 2.42 | 60.62 | 63.04 | NOTE | |
r-devel-linux-x86_64-fedora-clang | 0.4.0 | 110.21 | NOTE | |||
r-devel-linux-x86_64-fedora-gcc | 0.4.0 | 121.35 | NOTE | |||
r-devel-windows-x86_64 | 0.4.0 | 4.00 | 73.00 | 77.00 | NOTE | |
r-patched-linux-x86_64 | 0.4.0 | 2.95 | 76.66 | 79.61 | NOTE | |
r-release-linux-x86_64 | 0.4.0 | 2.73 | 77.34 | 80.07 | NOTE | |
r-release-macos-arm64 | 0.4.0 | 44.00 | NOTE | |||
r-release-macos-x86_64 | 0.4.0 | 64.00 | NOTE | |||
r-release-windows-x86_64 | 0.4.0 | 4.00 | 82.00 | 86.00 | NOTE | |
r-oldrel-macos-arm64 | 0.4.0 | 49.00 | NOTE | |||
r-oldrel-windows-x86_64 | 0.4.0 | 5.00 | 87.00 | 92.00 | NOTE |
Version: 0.4.0
Check: LazyData
Result: NOTE
'LazyData' is specified without a 'data' directory
Flavors: r-devel-linux-x86_64-debian-clang, r-devel-linux-x86_64-debian-gcc, r-devel-linux-x86_64-fedora-clang, r-devel-linux-x86_64-fedora-gcc, r-devel-windows-x86_64, r-patched-linux-x86_64, r-release-linux-x86_64, r-release-macos-arm64, r-release-macos-x86_64, r-release-windows-x86_64, r-oldrel-macos-arm64, r-oldrel-windows-x86_64