Last updated on 2024-04-18 08:54:40 CEST.
Flavor | Version | Tinstall | Tcheck | Ttotal | Status | Flags |
---|---|---|---|---|---|---|
r-devel-linux-x86_64-debian-clang | 0.1.1 | 2.61 | 29.68 | 32.29 | NOTE | |
r-devel-linux-x86_64-debian-gcc | 0.1.1 | 2.03 | 22.42 | 24.45 | NOTE | |
r-devel-linux-x86_64-fedora-clang | 0.1.1 | 39.94 | NOTE | |||
r-devel-linux-x86_64-fedora-gcc | 0.1.1 | 37.60 | NOTE | |||
r-prerel-macos-arm64 | 0.1.1 | 22.00 | NOTE | |||
r-prerel-windows-x86_64 | 0.1.1 | 4.00 | 52.00 | 56.00 | NOTE | |
r-patched-linux-x86_64 | 0.1.1 | 2.91 | 28.03 | 30.94 | NOTE | |
r-release-linux-x86_64 | 0.1.1 | 1.80 | 27.89 | 29.69 | OK | |
r-release-macos-arm64 | 0.1.1 | 25.00 | OK | |||
r-release-macos-x86_64 | 0.1.1 | 31.00 | OK | |||
r-release-windows-x86_64 | 0.1.1 | 5.00 | 54.00 | 59.00 | OK | |
r-oldrel-macos-arm64 | 0.1.1 | 25.00 | OK | |||
r-oldrel-windows-x86_64 | 0.1.1 | 4.00 | 55.00 | 59.00 | OK |
Version: 0.1.1
Check: Rd metadata
Result: NOTE
Invalid package aliases in Rd file 'perspective-package.Rd':
‘perspective-package’
Flavors: r-devel-linux-x86_64-debian-clang, r-devel-linux-x86_64-debian-gcc, r-devel-linux-x86_64-fedora-clang, r-devel-linux-x86_64-fedora-gcc, r-prerel-macos-arm64, r-prerel-windows-x86_64, r-patched-linux-x86_64