Last updated on 2023-12-08 00:52:03 CET.
Flavor | Version | Tinstall | Tcheck | Ttotal | Status | Flags |
---|---|---|---|---|---|---|
r-devel-linux-x86_64-debian-clang | 1.2 | 10.03 | 109.45 | 119.48 | NOTE | |
r-devel-linux-x86_64-debian-gcc | 1.2 | 10.84 | 82.42 | 93.26 | NOTE | |
r-devel-linux-x86_64-fedora-clang | 1.2 | 157.63 | OK | |||
r-devel-linux-x86_64-fedora-gcc | 1.2 | 160.18 | OK | |||
r-devel-windows-x86_64 | 1.2 | 14.00 | 148.00 | 162.00 | OK | |
r-patched-linux-x86_64 | 1.2 | 13.06 | 107.55 | 120.61 | OK | |
r-release-linux-x86_64 | 1.2 | 12.92 | 106.16 | 119.08 | OK | |
r-release-macos-arm64 | 1.2 | 55.00 | NOTE | |||
r-release-macos-x86_64 | 1.2 | 90.00 | OK | |||
r-release-windows-x86_64 | 1.2 | 16.00 | 157.00 | 173.00 | OK | |
r-oldrel-macos-arm64 | 1.2 | 50.00 | OK | |||
r-oldrel-macos-x86_64 | 1.2 | 64.00 | OK | |||
r-oldrel-windows-x86_64 | 1.2 | 18.00 | 158.00 | 176.00 | OK |
Version: 1.2
Check: Rd files
Result: NOTE
checkRd: (-1) MMD.Rd:34-35: Lost braces in \itemize; \value handles \item{}{} directly
checkRd: (-1) MMD.Rd:36-37: Lost braces in \itemize; \value handles \item{}{} directly
checkRd: (-1) MMD.Rd:38-39: Lost braces in \itemize; \value handles \item{}{} directly
checkRd: (-1) options_themes_haploNet.Rd:22: Lost braces in \itemize; meant \describe ?
checkRd: (-1) options_themes_haploNet.Rd:23: Lost braces in \itemize; meant \describe ?
checkRd: (-1) options_themes_haploNet.Rd:24: Lost braces in \itemize; meant \describe ?
checkRd: (-1) options_themes_haploNet.Rd:25: Lost braces in \itemize; meant \describe ?
checkRd: (-1) options_themes_haploNet.Rd:26: Lost braces in \itemize; meant \describe ?
checkRd: (-1) options_themes_haploNet.Rd:27: Lost braces in \itemize; meant \describe ?
checkRd: (-1) options_themes_haploNet.Rd:28: Lost braces in \itemize; meant \describe ?
checkRd: (-1) options_themes_haploNet.Rd:29: Lost braces in \itemize; meant \describe ?
checkRd: (-1) options_themes_haploNet.Rd:30: Lost braces in \itemize; meant \describe ?
checkRd: (-1) options_themes_haploNet.Rd:31-32: Lost braces in \itemize; meant \describe ?
checkRd: (-1) options_themes_haploNet.Rd:33-34: Lost braces in \itemize; meant \describe ?
checkRd: (-1) options_themes_haploNet.Rd:35: Lost braces in \itemize; meant \describe ?
checkRd: (-1) options_themes_haploNet.Rd:36: Lost braces in \itemize; meant \describe ?
checkRd: (-1) options_themes_haploNet.Rd:37: Lost braces in \itemize; meant \describe ?
checkRd: (-1) options_themes_haploNet.Rd:39: Lost braces in \itemize; meant \describe ?
checkRd: (-1) options_themes_haploNet.Rd:40-41: Lost braces in \itemize; meant \describe ?
checkRd: (-1) options_themes_haploNet.Rd:42: Lost braces in \itemize; meant \describe ?
checkRd: (-1) options_themes_haploNet.Rd:43: Lost braces in \itemize; meant \describe ?
checkRd: (-1) options_themes_haploNet.Rd:44-45: Lost braces in \itemize; meant \describe ?
checkRd: (-1) options_themes_haploNet.Rd:46-47: Lost braces in \itemize; meant \describe ?
checkRd: (-1) options_themes_haploNet.Rd:48: Lost braces in \itemize; meant \describe ?
checkRd: (-1) options_themes_haploNet.Rd:51-52: Lost braces in \itemize; meant \describe ?
Flavors: r-devel-linux-x86_64-debian-clang, r-devel-linux-x86_64-debian-gcc
Version: 1.2
Check: package dependencies
Result: NOTE
Package suggested but not available for checking: ‘snpStats’
Flavor: r-release-macos-arm64