Last updated on 2023-06-05 16:55:02 CEST.
Flavor | Version | Tinstall | Tcheck | Ttotal | Status | Flags |
---|---|---|---|---|---|---|
r-devel-linux-x86_64-debian-clang | 0.1.3 | 1197.53 | 265.14 | 1462.67 | NOTE | |
r-devel-linux-x86_64-debian-gcc | 0.1.3 | 1181.12 | 268.90 | 1450.02 | NOTE | |
r-devel-linux-x86_64-fedora-clang | 0.1.3 | 1816.65 | NOTE | |||
r-devel-linux-x86_64-fedora-gcc | 0.1.3 | 2623.88 | NOTE | |||
r-devel-windows-x86_64 | 0.1.3 | 926.00 | 297.00 | 1223.00 | NOTE | |
r-patched-linux-x86_64 | 0.1.3 | 962.41 | 359.34 | 1321.75 | NOTE | |
r-release-linux-x86_64 | 0.1.3 | 0.01 | 3.00 | 3.01 | ERROR | |
r-release-macos-arm64 | 0.1.3 | 582.00 | NOTE | |||
r-release-macos-x86_64 | 0.1.3 | 922.00 | NOTE | |||
r-release-windows-x86_64 | 0.1.3 | 1225.00 | 389.00 | 1614.00 | NOTE | |
r-oldrel-macos-arm64 | 0.1.3 | 426.00 | NOTE | |||
r-oldrel-macos-x86_64 | 0.1.3 | 646.00 | NOTE | |||
r-oldrel-windows-x86_64 | 0.1.3 | 1159.00 | 338.00 | 1497.00 | NOTE |
Version: 0.1.3
Check: for GNU extensions in Makefiles
Result: NOTE
GNU make is a SystemRequirements.
Flavors: r-devel-linux-x86_64-debian-clang, r-devel-linux-x86_64-debian-gcc, r-devel-linux-x86_64-fedora-clang, r-devel-linux-x86_64-fedora-gcc, r-devel-windows-x86_64, r-patched-linux-x86_64, r-release-macos-arm64, r-release-macos-x86_64, r-release-windows-x86_64, r-oldrel-macos-arm64, r-oldrel-macos-x86_64, r-oldrel-windows-x86_64
Version: 0.1.3
Check: installed package size
Result: NOTE
installed size is 11.7Mb
sub-directories of 1Mb or more:
libs 10.7Mb
Flavors: r-devel-linux-x86_64-fedora-clang, r-devel-windows-x86_64, r-release-macos-arm64, r-release-macos-x86_64, r-release-windows-x86_64, r-oldrel-macos-arm64, r-oldrel-macos-x86_64, r-oldrel-windows-x86_64
Version: 0.1.3
Check: whether package can be installed
Result: ERROR
Installation failed.
Flavor: r-release-linux-x86_64