Last updated on 2023-06-02 16:57:12 CEST.
Flavor | Version | Tinstall | Tcheck | Ttotal | Status | Flags |
---|---|---|---|---|---|---|
r-devel-linux-x86_64-debian-clang | 0.2 | 19.91 | 135.30 | 155.21 | NOTE | |
r-devel-linux-x86_64-debian-gcc | 0.2 | 15.81 | 99.48 | 115.29 | NOTE | |
r-devel-linux-x86_64-fedora-clang | 0.2 | 194.09 | NOTE | |||
r-devel-linux-x86_64-fedora-gcc | 0.2 | 197.06 | NOTE | |||
r-devel-windows-x86_64 | 0.2 | 16.00 | 105.00 | 121.00 | NOTE | |
r-patched-linux-x86_64 | 0.2 | NOTE | ||||
r-release-linux-x86_64 | 0.2 | 17.19 | 127.33 | 144.52 | NOTE | |
r-release-macos-arm64 | 0.2 | 64.00 | NOTE | |||
r-release-macos-x86_64 | 0.2 | 91.00 | NOTE | |||
r-release-windows-x86_64 | 0.2 | 22.00 | 134.00 | 156.00 | NOTE | |
r-oldrel-macos-arm64 | 0.2 | 47.00 | OK | |||
r-oldrel-macos-x86_64 | 0.2 | 90.00 | OK | |||
r-oldrel-windows-x86_64 | 0.2 | 22.00 | 136.00 | 158.00 | OK |
Version: 0.2
Check: Rd files
Result: NOTE
checkRd: (-1) my.bspline.Rd:38: Escaped LaTeX specials: \$ \$ \$
Flavors: r-devel-linux-x86_64-debian-clang, r-devel-linux-x86_64-debian-gcc, r-devel-linux-x86_64-fedora-clang, r-devel-linux-x86_64-fedora-gcc, r-devel-windows-x86_64, r-patched-linux-x86_64, r-release-linux-x86_64, r-release-macos-arm64, r-release-macos-x86_64, r-release-windows-x86_64