CRAN Package Check Results for Package pense

Last updated on 2021-10-21 16:49:53 CEST.

Flavor Version Tinstall Tcheck Ttotal Status Flags
r-devel-linux-x86_64-debian-clang 2.1.0 417.06 143.52 560.58 OK
r-devel-linux-x86_64-debian-gcc 2.1.0 326.23 102.74 428.97 OK
r-devel-linux-x86_64-fedora-clang 2.1.0 869.13 NOTE
r-devel-linux-x86_64-fedora-gcc 2.1.0 814.78 OK
r-devel-windows-x86_64 2.1.0 460.00 234.00 694.00 OK
r-devel-windows-x86_64-gcc10-UCRT 2.1.0 OK
r-patched-linux-x86_64 2.1.0 383.00 146.01 529.01 OK
r-patched-solaris-x86 2.1.0 767.70 OK
r-release-linux-x86_64 2.1.0 377.92 145.24 523.16 OK
r-release-macos-arm64 2.1.0 NOTE
r-release-macos-x86_64 2.1.0 NOTE
r-release-windows-ix86+x86_64 2.1.0 678.00 334.00 1012.00 NOTE
r-oldrel-macos-x86_64 2.1.0 NOTE
r-oldrel-windows-ix86+x86_64 2.1.0 960.00 337.00 1297.00 NOTE

Check Details

Version: 2.1.0
Check: installed package size
Result: NOTE
     installed size is 43.8Mb
     sub-directories of 1Mb or more:
     libs 42.6Mb
Flavors: r-devel-linux-x86_64-fedora-clang, r-release-macos-arm64, r-release-macos-x86_64, r-release-windows-ix86+x86_64, r-oldrel-macos-x86_64, r-oldrel-windows-ix86+x86_64