Last updated on 2024-03-28 23:55:14 CET.
Flavor | Version | Tinstall | Tcheck | Ttotal | Status | Flags |
---|---|---|---|---|---|---|
r-devel-linux-x86_64-debian-clang | 0.0-5 | 6.02 | 54.32 | 60.34 | NOTE | |
r-devel-linux-x86_64-debian-gcc | 0.0-5 | 5.55 | 42.64 | 48.19 | NOTE | |
r-devel-linux-x86_64-fedora-clang | 0.0-5 | 78.33 | NOTE | |||
r-devel-linux-x86_64-fedora-gcc | 0.0-5 | 76.46 | NOTE | |||
r-devel-windows-x86_64 | 0.0-5 | 7.00 | 65.00 | 72.00 | NOTE | |
r-patched-linux-x86_64 | 0.0-5 | 7.44 | 53.06 | 60.50 | NOTE | |
r-release-linux-x86_64 | 0.0-5 | 5.80 | 53.14 | 58.94 | OK | |
r-release-macos-arm64 | 0.0-5 | 29.00 | OK | |||
r-release-macos-x86_64 | 0.0-5 | 37.00 | OK | |||
r-release-windows-x86_64 | 0.0-5 | 9.00 | 72.00 | 81.00 | OK | |
r-oldrel-macos-arm64 | 0.0-5 | 27.00 | OK | |||
r-oldrel-windows-x86_64 | 0.0-5 | 10.00 | 76.00 | 86.00 | OK |
Version: 0.0-5
Check: Rd contents
Result: NOTE
Argument items with no description in Rd file 'lmres.Rd':
‘\dots’
Argument items with no description in Rd file 'simpleSlope.Rd':
‘\dots’
Argument items with no description in Rd file 'summary.lmres.Rd':
‘\dots’
Flavors: r-devel-linux-x86_64-debian-clang, r-devel-linux-x86_64-debian-gcc, r-devel-linux-x86_64-fedora-clang, r-devel-linux-x86_64-fedora-gcc, r-devel-windows-x86_64, r-patched-linux-x86_64